{"id":5310,"date":"2022-07-20T08:00:49","date_gmt":"2022-07-20T08:00:49","guid":{"rendered":"https:\/\/mabuko.co.mz\/?post_type=product&#038;p=5310"},"modified":"2023-02-14T12:36:59","modified_gmt":"2023-02-14T12:36:59","slug":"um-fogo-lento","status":"publish","type":"product","link":"https:\/\/mabuko.co.mz\/site\/?product=um-fogo-lento","title":{"rendered":"UM FOGO LENTO"},"content":{"rendered":"<p>Paula Hawkins<\/p>\n<p>9789895644919<\/p>\n","protected":false},"excerpt":{"rendered":"<p><strong>SINOPSE<\/strong><\/p>\n<p>Um homem \u00e9 encontrado brutalmente assassinado em Londres, dentro de um barco, o que levanta uma s\u00e9rie de quest\u00f5es sobre tr\u00eas mulheres que o conheciam.<\/p>\n<p>Laura \u00e9 a jovem problem\u00e1tica que foi vista pela \u00faltima vez com a v\u00edtima. Carla \u00e9 a tia inconsol\u00e1vel, ainda de luto por outro familiar falecido pouco tempo antes. E Miriam \u00e9 a vizinha bisbilhoteira que encontrou o corpo coberto de sangue, mas que claramente esconde segredos da pol\u00edcia.<\/p>\n<p>Tr\u00eas mulheres com liga\u00e7\u00f5es distintas a este homem. Tr\u00eas mulheres consumidas pelo ressentimento que est\u00e3o ansiosas por se vingarem do mal que lhes foi infligido. E, quando toca a vingan\u00e7a, mesmo as melhores pessoas s\u00e3o capazes dos actos mais terr\u00edveis.<\/p>\n<p>At\u00e9 onde ir\u00e3o estas mulheres para encontrar a paz de esp\u00edrito?<br \/>\nE durante quanto tempo podem os segredos arder em fogo lento antes de irromperem em chamas descontroladas?<\/p>\n<p>Com a mesma for\u00e7a com que cativou dezenas de milh\u00f5es de leitores em\u00a0<i>A Rapariga no Comboio<\/i>\u00a0e\u00a0<i>Escrito na \u00c1gua<\/i>, Paula Hawkins desenvolve brilhantemente uma hist\u00f3ria inesquec\u00edvel de segredos, assass\u00ednio e vingan\u00e7a.<\/p>\n","protected":false},"featured_media":5311,"template":"","meta":{"_monsterinsights_skip_tracking":false,"_monsterinsights_sitenote_active":false,"_monsterinsights_sitenote_note":"","_monsterinsights_sitenote_category":0},"product_cat":[105],"product_tag":[],"class_list":{"0":"post-5310","1":"product","2":"type-product","3":"status-publish","4":"has-post-thumbnail","6":"product_cat-romance","7":"pa_book-author-paula-hawkins","9":"first","10":"outofstock","11":"shipping-taxable","12":"purchasable","13":"product-type-simple"},"_links":{"self":[{"href":"https:\/\/mabuko.co.mz\/site\/index.php?rest_route=\/wp\/v2\/product\/5310","targetHints":{"allow":["GET"]}}],"collection":[{"href":"https:\/\/mabuko.co.mz\/site\/index.php?rest_route=\/wp\/v2\/product"}],"about":[{"href":"https:\/\/mabuko.co.mz\/site\/index.php?rest_route=\/wp\/v2\/types\/product"}],"wp:featuredmedia":[{"embeddable":true,"href":"https:\/\/mabuko.co.mz\/site\/index.php?rest_route=\/wp\/v2\/media\/5311"}],"wp:attachment":[{"href":"https:\/\/mabuko.co.mz\/site\/index.php?rest_route=%2Fwp%2Fv2%2Fmedia&parent=5310"}],"wp:term":[{"taxonomy":"product_cat","embeddable":true,"href":"https:\/\/mabuko.co.mz\/site\/index.php?rest_route=%2Fwp%2Fv2%2Fproduct_cat&post=5310"},{"taxonomy":"product_tag","embeddable":true,"href":"https:\/\/mabuko.co.mz\/site\/index.php?rest_route=%2Fwp%2Fv2%2Fproduct_tag&post=5310"}],"curies":[{"name":"wp","href":"https:\/\/api.w.org\/{rel}","templated":true}]}}