{"id":5300,"date":"2022-07-19T15:02:56","date_gmt":"2022-07-19T15:02:56","guid":{"rendered":"https:\/\/mabuko.co.mz\/?post_type=product&#038;p=5300"},"modified":"2022-12-30T09:20:56","modified_gmt":"2022-12-30T09:20:56","slug":"eu-elvis-riboldi","status":"publish","type":"product","link":"https:\/\/mabuko.co.mz\/site\/?product=eu-elvis-riboldi","title":{"rendered":"EU, ELVIS RIBOLDI"},"content":{"rendered":"<p>Bono Bidari<\/p>\n<p>9789720031853<\/p>\n","protected":false},"excerpt":{"rendered":"<p><strong>SINOPSE<\/strong><\/p>\n<p>Elvis Riboldi \u00e9 um rapaz e peras, incapaz de fazer mal a uma mosca. Da\u00ed que deste livro n\u00e3o resulte nenhuma mosca magoada. De facto, os estragos resumem-se a:uma casa completamente queimada<br \/>\ncentenas de carros destru\u00eddos<br \/>\n82 motas desfeitas<br \/>\n16 vidros partidos<br \/>\n12 l\u00e1pis de cor comidos<br \/>\n8 m\u00e1quinas avariadas<br \/>\n5 ovos desfeitos<br \/>\n1 rel\u00f3gio de luxo estilha\u00e7ado<br \/>\nE materiais diversos como despertadores, \u00f3culos e um bolo de anivers\u00e1rio &#8211; sem recupera\u00e7\u00e3o poss\u00edvel.<br \/>\nSe achas que estamos a exagerar, ent\u00e3o n\u00e3o conheces o Elvis. Est\u00e1s \u00e0 espera de qu\u00ea?<\/p>\n","protected":false},"featured_media":5301,"template":"","meta":{"_monsterinsights_skip_tracking":false,"_monsterinsights_sitenote_active":false,"_monsterinsights_sitenote_note":"","_monsterinsights_sitenote_category":0},"product_cat":[135],"product_tag":[],"class_list":{"0":"post-5300","1":"product","2":"type-product","3":"status-publish","4":"has-post-thumbnail","6":"product_cat-infantil","7":"pa_book-author-bono-bidari","9":"first","10":"instock","11":"shipping-taxable","12":"purchasable","13":"product-type-simple"},"_links":{"self":[{"href":"https:\/\/mabuko.co.mz\/site\/index.php?rest_route=\/wp\/v2\/product\/5300","targetHints":{"allow":["GET"]}}],"collection":[{"href":"https:\/\/mabuko.co.mz\/site\/index.php?rest_route=\/wp\/v2\/product"}],"about":[{"href":"https:\/\/mabuko.co.mz\/site\/index.php?rest_route=\/wp\/v2\/types\/product"}],"wp:featuredmedia":[{"embeddable":true,"href":"https:\/\/mabuko.co.mz\/site\/index.php?rest_route=\/wp\/v2\/media\/5301"}],"wp:attachment":[{"href":"https:\/\/mabuko.co.mz\/site\/index.php?rest_route=%2Fwp%2Fv2%2Fmedia&parent=5300"}],"wp:term":[{"taxonomy":"product_cat","embeddable":true,"href":"https:\/\/mabuko.co.mz\/site\/index.php?rest_route=%2Fwp%2Fv2%2Fproduct_cat&post=5300"},{"taxonomy":"product_tag","embeddable":true,"href":"https:\/\/mabuko.co.mz\/site\/index.php?rest_route=%2Fwp%2Fv2%2Fproduct_tag&post=5300"}],"curies":[{"name":"wp","href":"https:\/\/api.w.org\/{rel}","templated":true}]}}