{"id":5292,"date":"2022-07-19T14:20:16","date_gmt":"2022-07-19T14:20:16","guid":{"rendered":"https:\/\/mabuko.co.mz\/?post_type=product&#038;p=5292"},"modified":"2022-12-30T09:31:37","modified_gmt":"2022-12-30T09:31:37","slug":"os-cinco-nas-montanhas-de-gales","status":"publish","type":"product","link":"https:\/\/mabuko.co.mz\/site\/?product=os-cinco-nas-montanhas-de-gales","title":{"rendered":"OS CINCO Nas montanhas de Gales"},"content":{"rendered":"<p>Enid Blyton<\/p>\n<p>9789897412318<\/p>\n","protected":false},"excerpt":{"rendered":"<p><strong>SINOPSE<\/strong><\/p>\n<p>Os cinco her\u00f3is destas hist\u00f3rias s\u00e3o o J\u00falio, o David, a Ana, a Z\u00e9 e o Tim, que \u00e9 um c\u00e3o. Juntos envolvem-se em aventuras e confus\u00f5es. Ser\u00e1 que ir\u00e3o conseguir resolver este mist\u00e9rio?<br \/>\nDe f\u00e9rias, os Cinco divertem-se a esquiar e tudo parece tranquilo. Mas eis que surge um novo mist\u00e9rio para resolver, pois a casa perto daquela em que est\u00e3o alojados devia estar vazia&#8230; Estar\u00e1 mesmo? A quem pertence o rosto aterrorizado que viram \u00e0 janela? Uma coisa \u00e9 certa: os Cinco v\u00e3o envolver-se em mais uma aventura.<\/p>\n","protected":false},"featured_media":5293,"template":"","meta":{"_monsterinsights_skip_tracking":false,"_monsterinsights_sitenote_active":false,"_monsterinsights_sitenote_note":"","_monsterinsights_sitenote_category":0},"product_cat":[135],"product_tag":[],"class_list":{"0":"post-5292","1":"product","2":"type-product","3":"status-publish","4":"has-post-thumbnail","6":"product_cat-infantil","7":"pa_book-author-enid-blyton","9":"first","10":"outofstock","11":"shipping-taxable","12":"purchasable","13":"product-type-simple"},"_links":{"self":[{"href":"https:\/\/mabuko.co.mz\/site\/index.php?rest_route=\/wp\/v2\/product\/5292","targetHints":{"allow":["GET"]}}],"collection":[{"href":"https:\/\/mabuko.co.mz\/site\/index.php?rest_route=\/wp\/v2\/product"}],"about":[{"href":"https:\/\/mabuko.co.mz\/site\/index.php?rest_route=\/wp\/v2\/types\/product"}],"wp:featuredmedia":[{"embeddable":true,"href":"https:\/\/mabuko.co.mz\/site\/index.php?rest_route=\/wp\/v2\/media\/5293"}],"wp:attachment":[{"href":"https:\/\/mabuko.co.mz\/site\/index.php?rest_route=%2Fwp%2Fv2%2Fmedia&parent=5292"}],"wp:term":[{"taxonomy":"product_cat","embeddable":true,"href":"https:\/\/mabuko.co.mz\/site\/index.php?rest_route=%2Fwp%2Fv2%2Fproduct_cat&post=5292"},{"taxonomy":"product_tag","embeddable":true,"href":"https:\/\/mabuko.co.mz\/site\/index.php?rest_route=%2Fwp%2Fv2%2Fproduct_tag&post=5292"}],"curies":[{"name":"wp","href":"https:\/\/api.w.org\/{rel}","templated":true}]}}