{"id":5290,"date":"2022-07-19T14:11:05","date_gmt":"2022-07-19T14:11:05","guid":{"rendered":"https:\/\/mabuko.co.mz\/?post_type=product&#038;p=5290"},"modified":"2022-12-30T09:32:34","modified_gmt":"2022-12-30T09:32:34","slug":"os-cinco-na-casa-em-ruinas","status":"publish","type":"product","link":"https:\/\/mabuko.co.mz\/site\/?product=os-cinco-na-casa-em-ruinas","title":{"rendered":"OS CINCO Na casa em ru\u00ednas"},"content":{"rendered":"<p>Enid Blyton<\/p>\n<p>9789897411892<\/p>\n","protected":false},"excerpt":{"rendered":"<p><strong>SINOPSE<\/strong><\/p>\n<p>Os cinco her\u00f3is destas hist\u00f3rias s\u00e3o o J\u00falio, o David, a Ana, a Z\u00e9 e o Tim, que \u00e9 um c\u00e3o. Juntos envolvem-se em aventuras e confus\u00f5es. Ser\u00e1 que ir\u00e3o conseguir resolver este mist\u00e9rio?<br \/>\nOs Cinco est\u00e3o acampados perto de uma velha casa em ru\u00ednas. Quando a Ana ouve uns ru\u00eddos estranhos, \u00e0 noite, ningu\u00e9m acredita nela. At\u00e9 que avistam umas luzes misteriosas. Estar\u00e1 a casa mesmo abandonada?<\/p>\n","protected":false},"featured_media":5291,"template":"","meta":{"_monsterinsights_skip_tracking":false,"_monsterinsights_sitenote_active":false,"_monsterinsights_sitenote_note":"","_monsterinsights_sitenote_category":0},"product_cat":[135],"product_tag":[],"class_list":{"0":"post-5290","1":"product","2":"type-product","3":"status-publish","4":"has-post-thumbnail","6":"product_cat-infantil","7":"pa_book-author-enid-blyton","9":"first","10":"outofstock","11":"shipping-taxable","12":"product-type-simple"},"_links":{"self":[{"href":"https:\/\/mabuko.co.mz\/site\/index.php?rest_route=\/wp\/v2\/product\/5290","targetHints":{"allow":["GET"]}}],"collection":[{"href":"https:\/\/mabuko.co.mz\/site\/index.php?rest_route=\/wp\/v2\/product"}],"about":[{"href":"https:\/\/mabuko.co.mz\/site\/index.php?rest_route=\/wp\/v2\/types\/product"}],"wp:featuredmedia":[{"embeddable":true,"href":"https:\/\/mabuko.co.mz\/site\/index.php?rest_route=\/wp\/v2\/media\/5291"}],"wp:attachment":[{"href":"https:\/\/mabuko.co.mz\/site\/index.php?rest_route=%2Fwp%2Fv2%2Fmedia&parent=5290"}],"wp:term":[{"taxonomy":"product_cat","embeddable":true,"href":"https:\/\/mabuko.co.mz\/site\/index.php?rest_route=%2Fwp%2Fv2%2Fproduct_cat&post=5290"},{"taxonomy":"product_tag","embeddable":true,"href":"https:\/\/mabuko.co.mz\/site\/index.php?rest_route=%2Fwp%2Fv2%2Fproduct_tag&post=5290"}],"curies":[{"name":"wp","href":"https:\/\/api.w.org\/{rel}","templated":true}]}}