{"id":5123,"date":"2022-07-15T07:03:11","date_gmt":"2022-07-15T07:03:11","guid":{"rendered":"https:\/\/mabuko.co.mz\/?post_type=product&#038;p=5123"},"modified":"2022-12-30T09:42:54","modified_gmt":"2022-12-30T09:42:54","slug":"podemos-salvar-a-europa","status":"publish","type":"product","link":"https:\/\/mabuko.co.mz\/site\/?product=podemos-salvar-a-europa","title":{"rendered":"PODEMOS SALVAR A EUROPA?"},"content":{"rendered":"<p>Thomas Piketty<\/p>\n<p>9789897542305<\/p>\n","protected":false},"excerpt":{"rendered":"<p><strong>SINOPSE<\/strong><\/p>\n<p>Thomas Piketty \u00e9 um observador atento dos aspectos econ\u00f3micos da nossa sociedade. Nada escapa \u00e0 curiosidade nem \u00e0 sagacidade deste professor universit\u00e1rio, que \u00e9 n\u00e3o s\u00f3 um dos investigadores franceses mais reputados internacionalmente, mas tamb\u00e9m um cr\u00edtico temido da cena pol\u00edtica francesa. Seja a analisar os efeitos da crise financeira mundial ou a reforma do sistema de aposenta\u00e7\u00f5es, a interpretar as op\u00e7\u00f5es governamentais ou os programas pol\u00edticos, a dissecar os mist\u00e9rios do imposto sobre a emiss\u00e3o de carbono ou as declara\u00e7\u00f5es de impostos de Liliane Bettencourt, existe sempre a certeza de que Thomas Piketty nunca se refugia no \u00abpoliticamente correto\u00bb. Considerado um dos melhores economistas da sua gera\u00e7\u00e3o \u2014 na qual a concorr\u00eancia \u00e9 feroz \u2014 Thomas Piketty \u00e9, acima de tudo, um antidogm\u00e1tico en\u00e9rgico, que tanto critica severamente a doxa liberal sobre a redu\u00e7\u00e3o dos impostos, como censura os conformismos do seu quadrante pol\u00edtico, a esquerda, que ao insistir em defender os seus princ\u00edpios permite que a realidade lhe fuja debaixo dos p\u00e9s. Defensor obstinado da redistribui\u00e7\u00e3o da riqueza, Thomas Piketty faz parte do grupo daqueles que actualmente fornecem as ferramentas para uma redefini\u00e7\u00e3o do projecto social-democrata.<\/p>\n","protected":false},"featured_media":5125,"template":"","meta":{"_monsterinsights_skip_tracking":false,"_monsterinsights_sitenote_active":false,"_monsterinsights_sitenote_note":"","_monsterinsights_sitenote_category":0},"product_cat":[102],"product_tag":[],"class_list":{"0":"post-5123","1":"product","2":"type-product","3":"status-publish","4":"has-post-thumbnail","6":"product_cat-livros-tecnicos","7":"pa_book-author-thomas-piketty","9":"first","10":"instock","11":"shipping-taxable","12":"purchasable","13":"product-type-simple"},"_links":{"self":[{"href":"https:\/\/mabuko.co.mz\/site\/index.php?rest_route=\/wp\/v2\/product\/5123","targetHints":{"allow":["GET"]}}],"collection":[{"href":"https:\/\/mabuko.co.mz\/site\/index.php?rest_route=\/wp\/v2\/product"}],"about":[{"href":"https:\/\/mabuko.co.mz\/site\/index.php?rest_route=\/wp\/v2\/types\/product"}],"wp:featuredmedia":[{"embeddable":true,"href":"https:\/\/mabuko.co.mz\/site\/index.php?rest_route=\/wp\/v2\/media\/5125"}],"wp:attachment":[{"href":"https:\/\/mabuko.co.mz\/site\/index.php?rest_route=%2Fwp%2Fv2%2Fmedia&parent=5123"}],"wp:term":[{"taxonomy":"product_cat","embeddable":true,"href":"https:\/\/mabuko.co.mz\/site\/index.php?rest_route=%2Fwp%2Fv2%2Fproduct_cat&post=5123"},{"taxonomy":"product_tag","embeddable":true,"href":"https:\/\/mabuko.co.mz\/site\/index.php?rest_route=%2Fwp%2Fv2%2Fproduct_tag&post=5123"}],"curies":[{"name":"wp","href":"https:\/\/api.w.org\/{rel}","templated":true}]}}