{"id":5099,"date":"2022-07-13T12:39:11","date_gmt":"2022-07-13T12:39:11","guid":{"rendered":"https:\/\/mabuko.co.mz\/?post_type=product&#038;p=5099"},"modified":"2022-12-30T09:49:26","modified_gmt":"2022-12-30T09:49:26","slug":"o-palacio-das-lagrimas","status":"publish","type":"product","link":"https:\/\/mabuko.co.mz\/site\/?product=o-palacio-das-lagrimas","title":{"rendered":"O PAL\u00c1CIO DAS L\u00c1GRIMAS"},"content":{"rendered":"<p>Aley Lyte Croutlier<\/p>\n<p>9789722329040<\/p>\n","protected":false},"excerpt":{"rendered":"<div id=\"productPageSectionAboutBook-sinopseTitle\" class=\"right-title\">\n<div id=\"productPageSectionAboutBook-sinopseTitle\" class=\"right-title\"><strong>SINOPSE<\/strong><\/div>\n<div id=\"productPageSectionAboutBook-sinopse\" class=\"right-text\">\n<p>Este romance respira num espa\u00e7o m\u00e1gico, algures entre o encantamento da lenda e a realidade hist\u00f3rica, remonta ao ano de 1868, quando as \u00e1guas do Mediterr\u00e2neo e do \u00cdndico estavam prestes a fundir-se no Suez, unindo finalmente Oriente e Ocidente. Numa loja de Paris denominada Orientalismo, Casimir de Ch\u00e2teauneuf encontra o miniatural retrato de uma bel\u00edssima mulher, que o fita com uns olhos enigm\u00e1ticos \u2013 um azul, outro amarelo. A partir de ent\u00e3o, ele n\u00e3o mais deixar\u00e1 de procurar essa mulher. La Poup\u00e9e, que desobedecera \u00e0s rigorosas leis que separam o mundo das mulheres do mundo dos homens, est\u00e1 condenada a viver para sempre no Pal\u00e1cio das L\u00e1grimas<\/p>\n<\/div>\n<\/div>\n","protected":false},"featured_media":5102,"template":"","meta":{"_monsterinsights_skip_tracking":false,"_monsterinsights_sitenote_active":false,"_monsterinsights_sitenote_note":"","_monsterinsights_sitenote_category":0},"product_cat":[105],"product_tag":[],"class_list":{"0":"post-5099","1":"product","2":"type-product","3":"status-publish","4":"has-post-thumbnail","6":"product_cat-romance","7":"pa_book-author-aley-lytle-croutier","9":"first","10":"instock","11":"shipping-taxable","12":"purchasable","13":"product-type-simple"},"_links":{"self":[{"href":"https:\/\/mabuko.co.mz\/site\/index.php?rest_route=\/wp\/v2\/product\/5099","targetHints":{"allow":["GET"]}}],"collection":[{"href":"https:\/\/mabuko.co.mz\/site\/index.php?rest_route=\/wp\/v2\/product"}],"about":[{"href":"https:\/\/mabuko.co.mz\/site\/index.php?rest_route=\/wp\/v2\/types\/product"}],"wp:featuredmedia":[{"embeddable":true,"href":"https:\/\/mabuko.co.mz\/site\/index.php?rest_route=\/wp\/v2\/media\/5102"}],"wp:attachment":[{"href":"https:\/\/mabuko.co.mz\/site\/index.php?rest_route=%2Fwp%2Fv2%2Fmedia&parent=5099"}],"wp:term":[{"taxonomy":"product_cat","embeddable":true,"href":"https:\/\/mabuko.co.mz\/site\/index.php?rest_route=%2Fwp%2Fv2%2Fproduct_cat&post=5099"},{"taxonomy":"product_tag","embeddable":true,"href":"https:\/\/mabuko.co.mz\/site\/index.php?rest_route=%2Fwp%2Fv2%2Fproduct_tag&post=5099"}],"curies":[{"name":"wp","href":"https:\/\/api.w.org\/{rel}","templated":true}]}}