{"id":5084,"date":"2022-07-13T09:42:33","date_gmt":"2022-07-13T09:42:33","guid":{"rendered":"https:\/\/mabuko.co.mz\/?post_type=product&#038;p=5084"},"modified":"2022-12-30T08:44:25","modified_gmt":"2022-12-30T08:44:25","slug":"concerto-no-fim-da-viagem","status":"publish","type":"product","link":"https:\/\/mabuko.co.mz\/site\/?product=concerto-no-fim-da-viagem","title":{"rendered":"CONCERTO NO FIM DA VIAGEM"},"content":{"rendered":"<p>Erik Fosnes Hansen<\/p>\n<p>9789722321068<\/p>\n","protected":false},"excerpt":{"rendered":"<p><strong>SINOPSE<\/strong><\/p>\n<p>Inspirado no afundamento do Titanic, o romance \u00abConcerto no Fim da Viagem\u00bb assume-se como um exemplar raro e requintado da secular arte de contar hist\u00f3rias, cujo segredo apenas alguns conhecem. A partir da diversidade de experi\u00eancias de vida melanc\u00f3licas, sem horizontes, de cinco m\u00fasicos que animaram a popula\u00e7\u00e3o do navio at\u00e9 ao seu \u00faltimo alento, Erik Fosnes Hansen constr\u00f3i uma teia muito bem urdida onde se cruzam sentimentos como a amizade, o instinto de sobreviv\u00eancia e uma rela\u00e7\u00e3o vital e sublime como a arte, neste caso a m\u00fasica. \u00c9 nela e em toda a sua riqueza expressiva, que convergem os personagens principais do romance, que exorcizam a proximidade da morte atrav\u00e9s de uma \u00faltima partitura redentora.<\/p>\n","protected":false},"featured_media":5111,"template":"","meta":{"_monsterinsights_skip_tracking":false,"_monsterinsights_sitenote_active":false,"_monsterinsights_sitenote_note":"","_monsterinsights_sitenote_category":0},"product_cat":[105],"product_tag":[],"class_list":{"0":"post-5084","1":"product","2":"type-product","3":"status-publish","4":"has-post-thumbnail","6":"product_cat-romance","7":"pa_book-author-erik-fosnes-hansen","9":"first","10":"outofstock","11":"shipping-taxable","12":"purchasable","13":"product-type-simple"},"_links":{"self":[{"href":"https:\/\/mabuko.co.mz\/site\/index.php?rest_route=\/wp\/v2\/product\/5084","targetHints":{"allow":["GET"]}}],"collection":[{"href":"https:\/\/mabuko.co.mz\/site\/index.php?rest_route=\/wp\/v2\/product"}],"about":[{"href":"https:\/\/mabuko.co.mz\/site\/index.php?rest_route=\/wp\/v2\/types\/product"}],"wp:featuredmedia":[{"embeddable":true,"href":"https:\/\/mabuko.co.mz\/site\/index.php?rest_route=\/wp\/v2\/media\/5111"}],"wp:attachment":[{"href":"https:\/\/mabuko.co.mz\/site\/index.php?rest_route=%2Fwp%2Fv2%2Fmedia&parent=5084"}],"wp:term":[{"taxonomy":"product_cat","embeddable":true,"href":"https:\/\/mabuko.co.mz\/site\/index.php?rest_route=%2Fwp%2Fv2%2Fproduct_cat&post=5084"},{"taxonomy":"product_tag","embeddable":true,"href":"https:\/\/mabuko.co.mz\/site\/index.php?rest_route=%2Fwp%2Fv2%2Fproduct_tag&post=5084"}],"curies":[{"name":"wp","href":"https:\/\/api.w.org\/{rel}","templated":true}]}}