{"id":5047,"date":"2022-07-11T12:31:07","date_gmt":"2022-07-11T12:31:07","guid":{"rendered":"https:\/\/mabuko.co.mz\/?post_type=product&#038;p=5047"},"modified":"2025-09-08T05:55:35","modified_gmt":"2025-09-08T05:55:35","slug":"este-nao-e-o-rapaz-com-quem-eu-sonhava","status":"publish","type":"product","link":"https:\/\/mabuko.co.mz\/site\/?product=este-nao-e-o-rapaz-com-quem-eu-sonhava","title":{"rendered":"ESTE N\u00c3O \u00c9 O RAPAZ COM QUEM EU SONHAVA"},"content":{"rendered":"<p>Steve Barlow<\/p>\n<p>Steve Skidmore<\/p>\n<p>9789722327503<\/p>\n","protected":false},"excerpt":{"rendered":"<p><strong>SINOPSE<\/strong><\/p>\n<p>O sonho \u00e9 a constante da vida de Charlotte Robbins, seja em casa quando o irm\u00e3o mais novo, o maior diabrete que existe \u00e0 face da terra, lhe destr\u00f3i a pouca paz de esp\u00edrito interior de que desfruta, seja quando est\u00e1 a ver televis\u00e3o, e ent\u00e3o \u00e9 ela a grande actriz do \u00e9cran, e a recorrente hist\u00f3ria de amor \u00e9 a sua, ou seja em plenas aulas, at\u00e9 nas de matem\u00e1tica, com o terr\u00edvel prof. Brooks. Mas de todas estas variantes, a especialidade de Charlie era sonhar acordada&#8230; e sonhar que poder\u00e1 ser a Julieta na pe\u00e7a que a escola estava a montar, principalmente depois de ter descoberto que Garth Strong, \u00faltimo ano de liceu, de rebeldes cabelos louros e olhos de um azul profundo&#8230;ai!, lindo de morrer!) seria o Romeu do teatro, e o grande motivo dos seus suspiros e sonhos&#8230; e claro, de muitas outras jovens como ela. Mas nem ele sabe da exist\u00eancia dela, e \u00e9 quase certo que o papel seja atribu\u00eddo \u00e0 odiosa e arrogante Deborah (todos a achavam a mi\u00fada mais bonita e popular do liceu, aquela cabe\u00e7a de burro, mas porqu\u00ea???). Nem assim Charlie tenciona desistir, n\u00e3o depois de ter lido todos aqueles romances cor-de-rosa e de ter visto todos os finais felizes das telenovelas que a inspiraram. Mas as coisas nem sempre acontecem como nos romances, sobretudo quando a peste do irm\u00e3o interfere nos seus planos, ou porque os pais decidiram impor a ordem em casa precisamente naquela altura, ou quando se conta com a ajuda da sua melhor amiga, que se decidiu transformar num verdadeiro \u00abgrilo falante\u00bb&#8230; Ah, que desespero!!! Ser\u00e1 que Charlie consegue ganhar o papel da Julieta? E ser\u00e1 que Garth \u00e9 realmente o rapaz com quem ela sonhava? Mais um \u201cimperd\u00edvel\u201d t\u00edtulo a juntar \u00e0 descomplexada colec\u00e7\u00e3o \u00abO Clube das Amigas\u00bb.<\/p>\n","protected":false},"featured_media":5048,"template":"","meta":{"_monsterinsights_skip_tracking":false,"_monsterinsights_sitenote_active":false,"_monsterinsights_sitenote_note":"","_monsterinsights_sitenote_category":0},"product_cat":[135],"product_tag":[],"class_list":{"0":"post-5047","1":"product","2":"type-product","3":"status-publish","4":"has-post-thumbnail","6":"product_cat-infantil","7":"pa_book-author-steve-barlow","8":"pa_book-author-steve-skidmore","10":"first","11":"outofstock","12":"shipping-taxable","13":"purchasable","14":"product-type-simple"},"_links":{"self":[{"href":"https:\/\/mabuko.co.mz\/site\/index.php?rest_route=\/wp\/v2\/product\/5047","targetHints":{"allow":["GET"]}}],"collection":[{"href":"https:\/\/mabuko.co.mz\/site\/index.php?rest_route=\/wp\/v2\/product"}],"about":[{"href":"https:\/\/mabuko.co.mz\/site\/index.php?rest_route=\/wp\/v2\/types\/product"}],"wp:featuredmedia":[{"embeddable":true,"href":"https:\/\/mabuko.co.mz\/site\/index.php?rest_route=\/wp\/v2\/media\/5048"}],"wp:attachment":[{"href":"https:\/\/mabuko.co.mz\/site\/index.php?rest_route=%2Fwp%2Fv2%2Fmedia&parent=5047"}],"wp:term":[{"taxonomy":"product_cat","embeddable":true,"href":"https:\/\/mabuko.co.mz\/site\/index.php?rest_route=%2Fwp%2Fv2%2Fproduct_cat&post=5047"},{"taxonomy":"product_tag","embeddable":true,"href":"https:\/\/mabuko.co.mz\/site\/index.php?rest_route=%2Fwp%2Fv2%2Fproduct_tag&post=5047"}],"curies":[{"name":"wp","href":"https:\/\/api.w.org\/{rel}","templated":true}]}}