{"id":5042,"date":"2022-07-11T11:44:42","date_gmt":"2022-07-11T11:44:42","guid":{"rendered":"https:\/\/mabuko.co.mz\/?post_type=product&#038;p=5042"},"modified":"2022-10-24T14:41:28","modified_gmt":"2022-10-24T14:41:28","slug":"a-mosca-da-morte","status":"publish","type":"product","link":"https:\/\/mabuko.co.mz\/site\/?product=a-mosca-da-morte","title":{"rendered":"A MOSCA DA MORTE"},"content":{"rendered":"<p>Patricia Cornwell<\/p>\n<p>9789722334754<\/p>\n","protected":false},"excerpt":{"rendered":"<p><strong>SINOPSE<\/strong><\/p>\n<div id=\"productPageSectionAboutBook-sinopseTitle\" class=\"right-title\"><span style=\"font-size: 1rem;\">Em <\/span><em>O \u00daltimo Reduto<\/em><span style=\"font-size: 1rem;\">\u00a0algu\u00e9m planeou uma terr\u00edvel cilada \u00e0 m\u00e9dica-legista Kay Scarpetta e ela arriscou-se seriamente a ir parar ao banco dos r\u00e9us. Na esperan\u00e7a de encontrar alguma paz, Scarpetta muda-se para a Florida dedicando-se agora \u00e0 consultoria privada. Contudo, o passado insiste em cruzar-se com o presente quando Scarpetta recebe not\u00edcias de Jean-Baptiste Chandonne, um louco dado aos prazeres do assass\u00ednio em s\u00e9rie, que foi condenado \u00e0 pena de morte, e que exige falar com Scarpetta, alegando possuir valios\u00edssimas informa\u00e7\u00f5es que a Pol\u00edcia desejaria obter. Mas uma descoberta assombrosa far\u00e1 com que Scarpetta se sinta tra\u00edda e profundamente revoltada com aqueles que mais estima&#8230;<\/span><\/div>\n","protected":false},"featured_media":5043,"template":"","meta":{"_monsterinsights_skip_tracking":false,"_monsterinsights_sitenote_active":false,"_monsterinsights_sitenote_note":"","_monsterinsights_sitenote_category":0},"product_cat":[103],"product_tag":[],"class_list":{"0":"post-5042","1":"product","2":"type-product","3":"status-publish","4":"has-post-thumbnail","6":"product_cat-literatura","7":"pa_book-author-patricia-cornwell","9":"first","10":"outofstock","11":"shipping-taxable","12":"purchasable","13":"product-type-simple"},"_links":{"self":[{"href":"https:\/\/mabuko.co.mz\/site\/index.php?rest_route=\/wp\/v2\/product\/5042","targetHints":{"allow":["GET"]}}],"collection":[{"href":"https:\/\/mabuko.co.mz\/site\/index.php?rest_route=\/wp\/v2\/product"}],"about":[{"href":"https:\/\/mabuko.co.mz\/site\/index.php?rest_route=\/wp\/v2\/types\/product"}],"wp:featuredmedia":[{"embeddable":true,"href":"https:\/\/mabuko.co.mz\/site\/index.php?rest_route=\/wp\/v2\/media\/5043"}],"wp:attachment":[{"href":"https:\/\/mabuko.co.mz\/site\/index.php?rest_route=%2Fwp%2Fv2%2Fmedia&parent=5042"}],"wp:term":[{"taxonomy":"product_cat","embeddable":true,"href":"https:\/\/mabuko.co.mz\/site\/index.php?rest_route=%2Fwp%2Fv2%2Fproduct_cat&post=5042"},{"taxonomy":"product_tag","embeddable":true,"href":"https:\/\/mabuko.co.mz\/site\/index.php?rest_route=%2Fwp%2Fv2%2Fproduct_tag&post=5042"}],"curies":[{"name":"wp","href":"https:\/\/api.w.org\/{rel}","templated":true}]}}