{"id":4903,"date":"2022-07-06T13:04:54","date_gmt":"2022-07-06T13:04:54","guid":{"rendered":"https:\/\/mabuko.co.mz\/?post_type=product&#038;p=4903"},"modified":"2025-09-25T03:08:57","modified_gmt":"2025-09-25T03:08:57","slug":"o-principezinho","status":"publish","type":"product","link":"https:\/\/mabuko.co.mz\/site\/?product=o-principezinho","title":{"rendered":"O PRINCIPEZINHO"},"content":{"rendered":"<p>Antoine de Saint-Exup\u00e9ry<\/p>\n<p>5600818932255<\/p>\n","protected":false},"excerpt":{"rendered":"<div id=\"productPageSectionAboutBook-sinopseTitle\" class=\"right-title\"><strong>SINOPSE<\/strong><\/div>\n<div id=\"productPageSectionAboutBook-sinopse\" class=\"right-text\">\n<p>Antoine de Saint-Exup\u00e9ry publicou pela primeira vez \u00abO Principezinho\u00bb em 1943, quando recuperava de ferimentos de guerra em Nova Iorque, um ano antes do seu avi\u00e3o Lockheed P-38 ter sido dado como desaparecido sobre o Mar Mediterr\u00e2neo, durante uma miss\u00e3o de reconhecimento. Mais de meio s\u00e9culo depois, a sua f\u00e1bula sobre o amor e a solid\u00e3o n\u00e3o perdeu nenhuma da sua for\u00e7a, muito pelo contr\u00e1rio: este livro que se transformou numa das obras mais amadas e admiradas do nosso tempo, \u00e9 na verdade de alcance intemporal, podendo ser inspirador para leitores de todas as idades e de todas as culturas.<br \/>\nO narrador da obra \u00e9 um piloto com um avi\u00e3o avariado no deserto do Sahara, que, tenta desesperadamente, reparar os danos causados no seu aparelho. Um belo dia os seus esfor\u00e7os s\u00e3o interrompidos devido \u00e0 apari\u00e7\u00e3o de um pequeno pr\u00edncipe, que lhe pede que desenhe uma ovelha. Perante um dom\u00ednio t\u00e3o misterioso, o piloto n\u00e3o se atreveu a desobedecer e, por muito absurdo que pare\u00e7a &#8211; a mais de mil milhas das pr\u00f3ximas regi\u00f5es habitadas e correndo perigo de vida &#8211; pegou num peda\u00e7o de papel e numa caneta e fez o que o principezinho tinha pedido. E assim tem in\u00edcio um di\u00e1logo que expande a imagina\u00e7\u00e3o do narrador para todo o g\u00e9nero de infantis e surpreendentes direc\u00e7\u00f5es. \u00abO Principezinho\u00bb conta a sua viagem de planeta em planeta, cada um sendo um pequeno mundo povoado com um \u00fanico adulto. Esta\u00a0 maravilhosa sequ\u00eancia criativa evoca n\u00e3o apenas os grandes contos de fadas de todos os tempos, como tamb\u00e9m o extravagante \u00abCidades Invis\u00edveis\u00bb de \u00cdtalo Calvino. Uma hist\u00f3ria terna que apresenta uma exposi\u00e7\u00e3o sentida sobre a tristeza e a solid\u00e3o, dotada de uma filosofia ansiosa e po\u00e9tica, que revela algumas reflex\u00f5es sobre o que de facto s\u00e3o os valores da vida.<\/p>\n<\/div>\n","protected":false},"featured_media":4904,"template":"","meta":{"_monsterinsights_skip_tracking":false,"_monsterinsights_sitenote_active":false,"_monsterinsights_sitenote_note":"","_monsterinsights_sitenote_category":0},"product_cat":[135],"product_tag":[],"class_list":{"0":"post-4903","1":"product","2":"type-product","3":"status-publish","4":"has-post-thumbnail","6":"product_cat-infantil","7":"pa_book-author-antoine-de-saint-exupery","9":"first","10":"outofstock","11":"shipping-taxable","12":"purchasable","13":"product-type-simple"},"_links":{"self":[{"href":"https:\/\/mabuko.co.mz\/site\/index.php?rest_route=\/wp\/v2\/product\/4903","targetHints":{"allow":["GET"]}}],"collection":[{"href":"https:\/\/mabuko.co.mz\/site\/index.php?rest_route=\/wp\/v2\/product"}],"about":[{"href":"https:\/\/mabuko.co.mz\/site\/index.php?rest_route=\/wp\/v2\/types\/product"}],"wp:featuredmedia":[{"embeddable":true,"href":"https:\/\/mabuko.co.mz\/site\/index.php?rest_route=\/wp\/v2\/media\/4904"}],"wp:attachment":[{"href":"https:\/\/mabuko.co.mz\/site\/index.php?rest_route=%2Fwp%2Fv2%2Fmedia&parent=4903"}],"wp:term":[{"taxonomy":"product_cat","embeddable":true,"href":"https:\/\/mabuko.co.mz\/site\/index.php?rest_route=%2Fwp%2Fv2%2Fproduct_cat&post=4903"},{"taxonomy":"product_tag","embeddable":true,"href":"https:\/\/mabuko.co.mz\/site\/index.php?rest_route=%2Fwp%2Fv2%2Fproduct_tag&post=4903"}],"curies":[{"name":"wp","href":"https:\/\/api.w.org\/{rel}","templated":true}]}}