{"id":4892,"date":"2022-07-06T12:14:07","date_gmt":"2022-07-06T12:14:07","guid":{"rendered":"https:\/\/mabuko.co.mz\/?post_type=product&#038;p=4892"},"modified":"2022-10-25T11:56:01","modified_gmt":"2022-10-25T11:56:01","slug":"e-se-obama-fosse-africano","status":"publish","type":"product","link":"https:\/\/mabuko.co.mz\/site\/?product=e-se-obama-fosse-africano","title":{"rendered":"E SE OBAMA FOSSE AFRICANO"},"content":{"rendered":"<p>Mia Couto<\/p>\n<p>9789722124522<\/p>\n","protected":false},"excerpt":{"rendered":"<p><strong>SINOPSE<\/strong><\/p>\n<div id=\"productPageSectionAboutBook-sinopse\" class=\"right-text\">\n<p>Na sequ\u00eancia do anterior\u00a0<i>Pensatempos<\/i>, Mia Couto ressurge com um conjunto de textos de interven\u00e7\u00e3o que resulta da sua participa\u00e7\u00e3o em encontros p\u00fablicos nos \u00faltimos anos. S\u00e3o textos de reflex\u00e3o cr\u00edtica de um autor de fic\u00e7\u00e3o que, ao mesmo tempo que reinventa o seu universo, n\u00e3o abdica da sua miss\u00e3o de pensar o mundo.<br \/>\nAs interven\u00e7\u00f5es abordam temas que v\u00e3o da pol\u00edtica \u00e0 literatura, da cultura \u00e0 antropologia, mas todos eles confirmam como o escritor mo\u00e7ambicano faz da sensibilidade po\u00e9tica um modo de entender a complexidade do nosso tempo.<\/p>\n<\/div>\n","protected":false},"featured_media":4893,"template":"","meta":{"_monsterinsights_skip_tracking":false,"_monsterinsights_sitenote_active":false,"_monsterinsights_sitenote_note":"","_monsterinsights_sitenote_category":0},"product_cat":[319],"product_tag":[],"class_list":{"0":"post-4892","1":"product","2":"type-product","3":"status-publish","4":"has-post-thumbnail","6":"product_cat-literatura-mocambicana","7":"pa_book-author-mia-couto","9":"first","10":"outofstock","11":"shipping-taxable","12":"purchasable","13":"product-type-simple"},"_links":{"self":[{"href":"https:\/\/mabuko.co.mz\/site\/index.php?rest_route=\/wp\/v2\/product\/4892","targetHints":{"allow":["GET"]}}],"collection":[{"href":"https:\/\/mabuko.co.mz\/site\/index.php?rest_route=\/wp\/v2\/product"}],"about":[{"href":"https:\/\/mabuko.co.mz\/site\/index.php?rest_route=\/wp\/v2\/types\/product"}],"wp:featuredmedia":[{"embeddable":true,"href":"https:\/\/mabuko.co.mz\/site\/index.php?rest_route=\/wp\/v2\/media\/4893"}],"wp:attachment":[{"href":"https:\/\/mabuko.co.mz\/site\/index.php?rest_route=%2Fwp%2Fv2%2Fmedia&parent=4892"}],"wp:term":[{"taxonomy":"product_cat","embeddable":true,"href":"https:\/\/mabuko.co.mz\/site\/index.php?rest_route=%2Fwp%2Fv2%2Fproduct_cat&post=4892"},{"taxonomy":"product_tag","embeddable":true,"href":"https:\/\/mabuko.co.mz\/site\/index.php?rest_route=%2Fwp%2Fv2%2Fproduct_tag&post=4892"}],"curies":[{"name":"wp","href":"https:\/\/api.w.org\/{rel}","templated":true}]}}