{"id":4887,"date":"2022-07-06T11:50:10","date_gmt":"2022-07-06T11:50:10","guid":{"rendered":"https:\/\/mabuko.co.mz\/?post_type=product&#038;p=4887"},"modified":"2022-12-29T13:15:10","modified_gmt":"2022-12-29T13:15:10","slug":"o-mapeador-de-ausencias","status":"publish","type":"product","link":"https:\/\/mabuko.co.mz\/site\/?product=o-mapeador-de-ausencias","title":{"rendered":"O MAPEADOR DE AUS\u00caNCIAS"},"content":{"rendered":"<p>Mia Couto<\/p>\n<p>9789722130608<\/p>\n","protected":false},"excerpt":{"rendered":"<div id=\"productPageSectionAboutBook-sinopseTitle\" class=\"right-title\"><strong>SINOPSE<\/strong><\/div>\n<div id=\"productPageSectionAboutBook-sinopse\" class=\"right-text\">\n<p>Diogo Santiago \u00e9 um prestigiado e respeitado intelectual mo\u00e7ambicano. Professor universit\u00e1rio em Maputo, poeta, desloca-se pela primeira vez em muitos anos \u00e0 sua terra natal, a cidade da Beira, nas v\u00e9speras do ciclone que a arrasou em 2019, para receber uma homenagem que os seus concidad\u00e3os lhe querem prestar.<br \/>\nMas o regresso \u00e0 Beira \u00e9 tamb\u00e9m, e talvez para ele seja sobretudo, o regresso a um passado long\u00ednquo, \u00e0 sua inf\u00e2ncia e juventude, quando ainda Mo\u00e7ambique era uma col\u00f3nia portuguesa. Menino branco, \u00e9 filho de um pai jornalista e sobretudo poeta, e de uma m\u00e3e toda sentido pr\u00e1tico e completamente terra-a-terra. Do pai recorda o que viveu com ele: duas viagens ao local de terr\u00edveis massacres cometidos pela tropa colonial, a sua persegui\u00e7\u00e3o e pris\u00e3o pela PIDE, mas sobretudo, e em tudo isto, o seu amor pela poesia. Mas recorda tamb\u00e9m, entre os vivos, o criado Benedito (agora dirigente da FRELIMO) e o seu irm\u00e3o Jer\u00f3nimo Fungai, morto a tiro nos bra\u00e7os da sua amada, a bela e infeliz Mariana Sarmento, o farmac\u00eautico Natalino Fernandes, o inspector da PIDE \u00d3scar Campos, a tenaz e poderosa Maniara, e muitos outros; e de entre os mortos sobressaem o r\u00e9gulo Capitine, que v\u00ea uma mulher a voar<\/p>\n<\/div>\n","protected":false},"featured_media":4888,"template":"","meta":{"_monsterinsights_skip_tracking":false,"_monsterinsights_sitenote_active":false,"_monsterinsights_sitenote_note":"","_monsterinsights_sitenote_category":0},"product_cat":[319,105],"product_tag":[],"class_list":{"0":"post-4887","1":"product","2":"type-product","3":"status-publish","4":"has-post-thumbnail","6":"product_cat-literatura-mocambicana","7":"product_cat-romance","8":"pa_book-author-mia-couto","10":"first","11":"outofstock","12":"shipping-taxable","13":"purchasable","14":"product-type-simple"},"_links":{"self":[{"href":"https:\/\/mabuko.co.mz\/site\/index.php?rest_route=\/wp\/v2\/product\/4887","targetHints":{"allow":["GET"]}}],"collection":[{"href":"https:\/\/mabuko.co.mz\/site\/index.php?rest_route=\/wp\/v2\/product"}],"about":[{"href":"https:\/\/mabuko.co.mz\/site\/index.php?rest_route=\/wp\/v2\/types\/product"}],"wp:featuredmedia":[{"embeddable":true,"href":"https:\/\/mabuko.co.mz\/site\/index.php?rest_route=\/wp\/v2\/media\/4888"}],"wp:attachment":[{"href":"https:\/\/mabuko.co.mz\/site\/index.php?rest_route=%2Fwp%2Fv2%2Fmedia&parent=4887"}],"wp:term":[{"taxonomy":"product_cat","embeddable":true,"href":"https:\/\/mabuko.co.mz\/site\/index.php?rest_route=%2Fwp%2Fv2%2Fproduct_cat&post=4887"},{"taxonomy":"product_tag","embeddable":true,"href":"https:\/\/mabuko.co.mz\/site\/index.php?rest_route=%2Fwp%2Fv2%2Fproduct_tag&post=4887"}],"curies":[{"name":"wp","href":"https:\/\/api.w.org\/{rel}","templated":true}]}}