{"id":4794,"date":"2022-07-05T14:18:39","date_gmt":"2022-07-05T14:18:39","guid":{"rendered":"https:\/\/mabuko.co.mz\/?post_type=product&#038;p=4794"},"modified":"2022-12-29T13:18:14","modified_gmt":"2022-12-29T13:18:14","slug":"as-aventuras-de-tintin-tintin-no-pais-do-ouro-negro","status":"publish","type":"product","link":"https:\/\/mabuko.co.mz\/site\/?product=as-aventuras-de-tintin-tintin-no-pais-do-ouro-negro","title":{"rendered":"AS AVENTURAS DE TINTIN &#8211; TINTIN NO PAIS DO OURO NEGRO"},"content":{"rendered":"<p>Herg\u00e9<\/p>\n<p>9789892310688<\/p>\n","protected":false},"excerpt":{"rendered":"<p><strong>SINOPSE<\/strong><\/p>\n<p>Em o Tintin no Pa\u00eds do Ouro Negro, tudo o que usa gasolina como combust\u00edvel explode em s\u00e9rie. Para investigar o caso, Tintin embarca num petroleiro rumo ao M\u00e9dio Oriente. Dupont e Dupond seguem-no, disfar\u00e7ados de marinheiros. Chegando ao destino, Tintin e Milu perdem-se no deserto, sempre seguidos pelos dois detectives. Acabam todos por se encontrar e j\u00e1 na capital, o jovem rep\u00f3rter descobre que o que estava em jogo era a explora\u00e7\u00e3o do petr\u00f3leo do pa\u00eds, que atra\u00eda a cobi\u00e7a de poderosos interesses internacionais, representados pelo sinistro doutor M\u00fcller.<\/p>\n","protected":false},"featured_media":4796,"template":"","meta":{"_monsterinsights_skip_tracking":false,"_monsterinsights_sitenote_active":false,"_monsterinsights_sitenote_note":"","_monsterinsights_sitenote_category":0},"product_cat":[205],"product_tag":[],"class_list":{"0":"post-4794","1":"product","2":"type-product","3":"status-publish","4":"has-post-thumbnail","6":"product_cat-banda-desenhada","7":"pa_book-author-herge","9":"first","10":"outofstock","11":"shipping-taxable","12":"purchasable","13":"product-type-simple"},"_links":{"self":[{"href":"https:\/\/mabuko.co.mz\/site\/index.php?rest_route=\/wp\/v2\/product\/4794","targetHints":{"allow":["GET"]}}],"collection":[{"href":"https:\/\/mabuko.co.mz\/site\/index.php?rest_route=\/wp\/v2\/product"}],"about":[{"href":"https:\/\/mabuko.co.mz\/site\/index.php?rest_route=\/wp\/v2\/types\/product"}],"wp:featuredmedia":[{"embeddable":true,"href":"https:\/\/mabuko.co.mz\/site\/index.php?rest_route=\/wp\/v2\/media\/4796"}],"wp:attachment":[{"href":"https:\/\/mabuko.co.mz\/site\/index.php?rest_route=%2Fwp%2Fv2%2Fmedia&parent=4794"}],"wp:term":[{"taxonomy":"product_cat","embeddable":true,"href":"https:\/\/mabuko.co.mz\/site\/index.php?rest_route=%2Fwp%2Fv2%2Fproduct_cat&post=4794"},{"taxonomy":"product_tag","embeddable":true,"href":"https:\/\/mabuko.co.mz\/site\/index.php?rest_route=%2Fwp%2Fv2%2Fproduct_tag&post=4794"}],"curies":[{"name":"wp","href":"https:\/\/api.w.org\/{rel}","templated":true}]}}