{"id":4776,"date":"2022-07-05T13:57:22","date_gmt":"2022-07-05T13:57:22","guid":{"rendered":"https:\/\/mabuko.co.mz\/?post_type=product&#038;p=4776"},"modified":"2022-12-29T12:30:22","modified_gmt":"2022-12-29T12:30:22","slug":"as-aventuras-de-tintin-a-ilha-negra","status":"publish","type":"product","link":"https:\/\/mabuko.co.mz\/site\/?product=as-aventuras-de-tintin-a-ilha-negra","title":{"rendered":"AS AVENTURAS DE TINTIN- A ILHA NEGRA"},"content":{"rendered":"<p>Herg\u00e9<\/p>\n<p>9789892309606<\/p>\n","protected":false},"excerpt":{"rendered":"<p><strong>SINOPSE<\/strong><\/p>\n<p>Ao ajudar um avi\u00e3o com problemas, Tintin leva um tiro. Encontra pistas dos agressores e os ind\u00edcios levam-no at\u00e9 Inglaterra onde um certo Dr. M\u00fcller tenta mat\u00e1-lo. Ap\u00f3s conseguir escapar, Tintin persegue-o. Encontra vest\u00edgios do agressor na Ilha Negra, conhecida por ter uma &#8220;besta&#8221;. \u00c9 l\u00e1 que descobre o esconderijo de uma quadrilha: M\u00fcller e seus comparsas, que s\u00e3o falsificadores de dinheiro. Tintin consegue prend\u00ea-los e revela a verdadeira natureza da besta: um gorila.<\/p>\n","protected":false},"featured_media":4784,"template":"","meta":{"_monsterinsights_skip_tracking":false,"_monsterinsights_sitenote_active":false,"_monsterinsights_sitenote_note":"","_monsterinsights_sitenote_category":0},"product_cat":[205],"product_tag":[],"class_list":{"0":"post-4776","1":"product","2":"type-product","3":"status-publish","4":"has-post-thumbnail","6":"product_cat-banda-desenhada","7":"pa_book-author-herge","9":"first","10":"outofstock","11":"shipping-taxable","12":"purchasable","13":"product-type-simple"},"_links":{"self":[{"href":"https:\/\/mabuko.co.mz\/site\/index.php?rest_route=\/wp\/v2\/product\/4776","targetHints":{"allow":["GET"]}}],"collection":[{"href":"https:\/\/mabuko.co.mz\/site\/index.php?rest_route=\/wp\/v2\/product"}],"about":[{"href":"https:\/\/mabuko.co.mz\/site\/index.php?rest_route=\/wp\/v2\/types\/product"}],"wp:featuredmedia":[{"embeddable":true,"href":"https:\/\/mabuko.co.mz\/site\/index.php?rest_route=\/wp\/v2\/media\/4784"}],"wp:attachment":[{"href":"https:\/\/mabuko.co.mz\/site\/index.php?rest_route=%2Fwp%2Fv2%2Fmedia&parent=4776"}],"wp:term":[{"taxonomy":"product_cat","embeddable":true,"href":"https:\/\/mabuko.co.mz\/site\/index.php?rest_route=%2Fwp%2Fv2%2Fproduct_cat&post=4776"},{"taxonomy":"product_tag","embeddable":true,"href":"https:\/\/mabuko.co.mz\/site\/index.php?rest_route=%2Fwp%2Fv2%2Fproduct_tag&post=4776"}],"curies":[{"name":"wp","href":"https:\/\/api.w.org\/{rel}","templated":true}]}}