{"id":4769,"date":"2022-07-05T13:29:23","date_gmt":"2022-07-05T13:29:23","guid":{"rendered":"https:\/\/mabuko.co.mz\/?post_type=product&#038;p=4769"},"modified":"2023-02-08T10:10:07","modified_gmt":"2023-02-08T10:10:07","slug":"a-magia","status":"publish","type":"product","link":"https:\/\/mabuko.co.mz\/site\/?product=a-magia","title":{"rendered":"A MAGIA"},"content":{"rendered":"<p>Rhonda Byrne<br \/>\n9789892320809<\/p>\n","protected":false},"excerpt":{"rendered":"<div id=\"productPageSectionAboutBook-sinopseTitle\" class=\"right-title\"><strong>SINOPSE<\/strong><\/div>\n<div id=\"productPageSectionAboutBook-sinopse\" class=\"right-text\">\n<p>Durante mais de vinte s\u00e9culos, as palavras de um texto sagrado foram mistificadas, deturpadas ou mal interpretadas por quase todas as pessoas que as leram. Ao longo da hist\u00f3ria, apenas um pequeno n\u00famero de eleitos percebeu que aquelas palavras eram na verdade um enigma, e que uma vez solucionado o enigma &#8211; e desvendado o seu mist\u00e9rio &#8211; um novo mundo surgiu aos olhos de todos n\u00f3s. Em\u00a0<i>A Magia<\/i>, Rhonda Byrne revela ao mundo esses ensinamentos transformadores. E, a partir da\u00ed, numa assombrosa viagem de 28 dias, mostra como aplicar esses ensinamentos \u00e0 sua vida quotidiana.<br \/>\nN\u00e3o interessa quem \u00e9, nem onde se encontra, nem em que circunst\u00e2ncias est\u00e1 a viver agora.\u00a0<i>A Magia<\/i>\u00a0vai mudar toda a sua vida!<\/p>\n<\/div>\n","protected":false},"featured_media":4770,"template":"","meta":{"_monsterinsights_skip_tracking":false,"_monsterinsights_sitenote_active":false,"_monsterinsights_sitenote_note":"","_monsterinsights_sitenote_category":0},"product_cat":[108],"product_tag":[],"class_list":{"0":"post-4769","1":"product","2":"type-product","3":"status-publish","4":"has-post-thumbnail","6":"product_cat-auto-ajuda","7":"pa_book-author-rhonda-byrne","9":"first","10":"outofstock","11":"shipping-taxable","12":"purchasable","13":"product-type-simple"},"_links":{"self":[{"href":"https:\/\/mabuko.co.mz\/site\/index.php?rest_route=\/wp\/v2\/product\/4769","targetHints":{"allow":["GET"]}}],"collection":[{"href":"https:\/\/mabuko.co.mz\/site\/index.php?rest_route=\/wp\/v2\/product"}],"about":[{"href":"https:\/\/mabuko.co.mz\/site\/index.php?rest_route=\/wp\/v2\/types\/product"}],"wp:featuredmedia":[{"embeddable":true,"href":"https:\/\/mabuko.co.mz\/site\/index.php?rest_route=\/wp\/v2\/media\/4770"}],"wp:attachment":[{"href":"https:\/\/mabuko.co.mz\/site\/index.php?rest_route=%2Fwp%2Fv2%2Fmedia&parent=4769"}],"wp:term":[{"taxonomy":"product_cat","embeddable":true,"href":"https:\/\/mabuko.co.mz\/site\/index.php?rest_route=%2Fwp%2Fv2%2Fproduct_cat&post=4769"},{"taxonomy":"product_tag","embeddable":true,"href":"https:\/\/mabuko.co.mz\/site\/index.php?rest_route=%2Fwp%2Fv2%2Fproduct_tag&post=4769"}],"curies":[{"name":"wp","href":"https:\/\/api.w.org\/{rel}","templated":true}]}}