{"id":4750,"date":"2022-07-05T12:37:50","date_gmt":"2022-07-05T12:37:50","guid":{"rendered":"https:\/\/mabuko.co.mz\/?post_type=product&#038;p=4750"},"modified":"2022-12-29T12:41:21","modified_gmt":"2022-12-29T12:41:21","slug":"procura-se-lucky-luke","status":"publish","type":"product","link":"https:\/\/mabuko.co.mz\/site\/?product=procura-se-lucky-luke","title":{"rendered":"PROCURA-SE LUCKY LUKE"},"content":{"rendered":"<p>Matthieu Bonhomme<\/p>\n<p>9789895488063<\/p>\n","protected":false},"excerpt":{"rendered":"<p><strong>SINOPSE<\/strong><\/p>\n<p align=\"justify\">\u00abNo jogo do amor \u00e9 cada uma por si e \u00e0 primeira que o beijar. \u00bb<\/p>\n<p align=\"justify\">Lucky Luke regressa pela m\u00e3o do artista Mathieu Bonhomme!<\/p>\n<p align=\"justify\">Cobi\u00e7ado por tr\u00eas belas mulheres, com a cabe\u00e7a a pr\u00e9mio, como \u00e9 que o nosso cowboy preferido se vai conseguir safar desta situa\u00e7\u00e3o?<\/p>\n<p align=\"justify\">Depois do imenso sucesso de O Homem que Matou Lucky Luke, esta \u00e9 mais uma das aventuras imperd\u00edveis do cowboy que dispara mais depressa que a sua pr\u00f3pria sombra!&#8221;<\/p>\n","protected":false},"featured_media":4752,"template":"","meta":{"_monsterinsights_skip_tracking":false,"_monsterinsights_sitenote_active":false,"_monsterinsights_sitenote_note":"","_monsterinsights_sitenote_category":0},"product_cat":[205],"product_tag":[],"class_list":{"0":"post-4750","1":"product","2":"type-product","3":"status-publish","4":"has-post-thumbnail","6":"product_cat-banda-desenhada","7":"pa_book-author-matthieu-bonhomme","9":"first","10":"outofstock","11":"shipping-taxable","12":"purchasable","13":"product-type-simple"},"_links":{"self":[{"href":"https:\/\/mabuko.co.mz\/site\/index.php?rest_route=\/wp\/v2\/product\/4750","targetHints":{"allow":["GET"]}}],"collection":[{"href":"https:\/\/mabuko.co.mz\/site\/index.php?rest_route=\/wp\/v2\/product"}],"about":[{"href":"https:\/\/mabuko.co.mz\/site\/index.php?rest_route=\/wp\/v2\/types\/product"}],"wp:featuredmedia":[{"embeddable":true,"href":"https:\/\/mabuko.co.mz\/site\/index.php?rest_route=\/wp\/v2\/media\/4752"}],"wp:attachment":[{"href":"https:\/\/mabuko.co.mz\/site\/index.php?rest_route=%2Fwp%2Fv2%2Fmedia&parent=4750"}],"wp:term":[{"taxonomy":"product_cat","embeddable":true,"href":"https:\/\/mabuko.co.mz\/site\/index.php?rest_route=%2Fwp%2Fv2%2Fproduct_cat&post=4750"},{"taxonomy":"product_tag","embeddable":true,"href":"https:\/\/mabuko.co.mz\/site\/index.php?rest_route=%2Fwp%2Fv2%2Fproduct_tag&post=4750"}],"curies":[{"name":"wp","href":"https:\/\/api.w.org\/{rel}","templated":true}]}}