{"id":4692,"date":"2022-07-01T09:41:58","date_gmt":"2022-07-01T09:41:58","guid":{"rendered":"https:\/\/mabuko.co.mz\/?post_type=product&#038;p=4692"},"modified":"2022-12-28T14:05:54","modified_gmt":"2022-12-28T14:05:54","slug":"o-bando-das-cavernas-o-elo-perdido","status":"publish","type":"product","link":"https:\/\/mabuko.co.mz\/site\/?product=o-bando-das-cavernas-o-elo-perdido","title":{"rendered":"O BANDO DAS CAVERNAS &#8211; O ELO PERDIDO"},"content":{"rendered":"<p>Nuno Caravela<\/p>\n<p>9789895640683<\/p>\n","protected":false},"excerpt":{"rendered":"<div id=\"productPageSectionAboutBook-sinopseTitle\" class=\"right-title\"><strong><span style=\"font-size: 1rem;\">SINOPSE<\/span><\/strong><\/div>\n<div id=\"productPageSectionAboutBook-sinopseTitle\" class=\"right-title\">\n<div id=\"productPageSectionAboutBook-sinopse\" class=\"right-text\">\n<p>&nbsp;<\/p>\n<p>Este livro, vindo dos confins do tempo, est\u00e1 repleto de aventuras e gargalhadas. Tudo por causa de um grupo muito especial de amigos: o Tocha, a Ruby, o Menir, o Kromeleque, o Tzick e o Sabre.<\/p>\n<p>Eles s\u00e3o o Bando das Cavernas!<\/p>\n<p>Desta vez, o Kromeleque fez uma asneira t\u00e3o grande que, segundo ele, quando a m\u00e3e descobrir, est\u00e1 perdido. Mas a verdade \u00e9 que n\u00e3o \u00e9 s\u00f3 ele quem anda perdido neste livro.<\/p>\n<p>Enquanto o Bando ajuda o Kromeleque a corrigir o que fez, uma misteriosa criatura, que nem ela pr\u00f3pria sabe quem \u00e9, percorre a floresta atr\u00e1s deles. Tudo isto ir\u00e1 evoluir, claro, para uma enorme quantidade de gargalhadas e esp\u00e9cies estranhas nesta inesperada aventura nos confins do mundo.<\/p>\n<p>Atreve-te tu tamb\u00e9m a evoluir e\u2026 Junta-te ao Bando!<\/p>\n<\/div>\n<\/div>\n","protected":false},"featured_media":4694,"template":"","meta":{"_monsterinsights_skip_tracking":false,"_monsterinsights_sitenote_active":false,"_monsterinsights_sitenote_note":"","_monsterinsights_sitenote_category":0},"product_cat":[135],"product_tag":[],"class_list":{"0":"post-4692","1":"product","2":"type-product","3":"status-publish","4":"has-post-thumbnail","6":"product_cat-infantil","7":"pa_book-author-nuno-caravela","9":"first","10":"instock","11":"shipping-taxable","12":"purchasable","13":"product-type-simple"},"_links":{"self":[{"href":"https:\/\/mabuko.co.mz\/site\/index.php?rest_route=\/wp\/v2\/product\/4692","targetHints":{"allow":["GET"]}}],"collection":[{"href":"https:\/\/mabuko.co.mz\/site\/index.php?rest_route=\/wp\/v2\/product"}],"about":[{"href":"https:\/\/mabuko.co.mz\/site\/index.php?rest_route=\/wp\/v2\/types\/product"}],"wp:featuredmedia":[{"embeddable":true,"href":"https:\/\/mabuko.co.mz\/site\/index.php?rest_route=\/wp\/v2\/media\/4694"}],"wp:attachment":[{"href":"https:\/\/mabuko.co.mz\/site\/index.php?rest_route=%2Fwp%2Fv2%2Fmedia&parent=4692"}],"wp:term":[{"taxonomy":"product_cat","embeddable":true,"href":"https:\/\/mabuko.co.mz\/site\/index.php?rest_route=%2Fwp%2Fv2%2Fproduct_cat&post=4692"},{"taxonomy":"product_tag","embeddable":true,"href":"https:\/\/mabuko.co.mz\/site\/index.php?rest_route=%2Fwp%2Fv2%2Fproduct_tag&post=4692"}],"curies":[{"name":"wp","href":"https:\/\/api.w.org\/{rel}","templated":true}]}}