{"id":4655,"date":"2022-07-01T08:08:25","date_gmt":"2022-07-01T08:08:25","guid":{"rendered":"https:\/\/mabuko.co.mz\/?post_type=product&#038;p=4655"},"modified":"2023-02-14T12:51:00","modified_gmt":"2023-02-14T12:51:00","slug":"o-principe-cruel-volume-1","status":"publish","type":"product","link":"https:\/\/mabuko.co.mz\/site\/?product=o-principe-cruel-volume-1","title":{"rendered":"O PR\u00cdNCIPE CRUEL"},"content":{"rendered":"<p>Holly Black<\/p>\n<p>9789896688493<\/p>\n","protected":false},"excerpt":{"rendered":"<div id=\"productPageSectionAboutBook-sinopseTitle\" class=\"right-title\"><strong>SINOPSE<\/strong><\/div>\n<div id=\"productPageSectionAboutBook-sinopse\" class=\"right-text\">\n<p>Passaram dez anos desde que Jude e as irm\u00e3s foram raptadas pelo assassino dos seus pais e levadas para Faerie \u2014 o reino das fadas. Jude sente um verdadeiro fasc\u00ednio pela beleza destes seres m\u00e1gicos e imortais, mesmo sabendo que tamb\u00e9m s\u00e3o mal\u00e9volos e impiedosos, e continua a sonhar em pertencer a este mundo encantado.<\/p>\n<p>Mas o povo das fadas despreza mortais e, para se tornar cavaleira e receber um lugar na Corte, Jude tem de arriscar a sua mortalidade e desafiar o pr\u00edncipe Cardan, o filho mais novo e mais cruel do Rei Alt\u00edssimo. O pr\u00edncipe odeia Jude e tudo far\u00e1 para se ver livre dela. Tudo!<\/p>\n<p>\u00c9 ent\u00e3o que Jude se envolve nas intrigas e actividades de espionagem do pal\u00e1cio, acabando por descobrir o seu pr\u00f3prio talento para derramar sangue. E quando o seu sonho est\u00e1 prestes a tornar-se realidade, o destino de Faerie fica por um fio, obrigando Jude a fazer uma inesperada e perigosa alian\u00e7a para salvar as irm\u00e3s e o reino que tanto a rejeita.<\/p>\n<p>As fadas n\u00e3o s\u00e3o de confian\u00e7a,<br \/>\nMesmo quando dizem a verdade<\/p>\n<\/div>\n","protected":false},"featured_media":4656,"template":"","meta":{"_monsterinsights_skip_tracking":false,"_monsterinsights_sitenote_active":false,"_monsterinsights_sitenote_note":"","_monsterinsights_sitenote_category":0},"product_cat":[103],"product_tag":[],"class_list":{"0":"post-4655","1":"product","2":"type-product","3":"status-publish","4":"has-post-thumbnail","6":"product_cat-literatura","7":"pa_book-author-holly-black","9":"first","10":"outofstock","11":"shipping-taxable","12":"purchasable","13":"product-type-simple"},"_links":{"self":[{"href":"https:\/\/mabuko.co.mz\/site\/index.php?rest_route=\/wp\/v2\/product\/4655","targetHints":{"allow":["GET"]}}],"collection":[{"href":"https:\/\/mabuko.co.mz\/site\/index.php?rest_route=\/wp\/v2\/product"}],"about":[{"href":"https:\/\/mabuko.co.mz\/site\/index.php?rest_route=\/wp\/v2\/types\/product"}],"wp:featuredmedia":[{"embeddable":true,"href":"https:\/\/mabuko.co.mz\/site\/index.php?rest_route=\/wp\/v2\/media\/4656"}],"wp:attachment":[{"href":"https:\/\/mabuko.co.mz\/site\/index.php?rest_route=%2Fwp%2Fv2%2Fmedia&parent=4655"}],"wp:term":[{"taxonomy":"product_cat","embeddable":true,"href":"https:\/\/mabuko.co.mz\/site\/index.php?rest_route=%2Fwp%2Fv2%2Fproduct_cat&post=4655"},{"taxonomy":"product_tag","embeddable":true,"href":"https:\/\/mabuko.co.mz\/site\/index.php?rest_route=%2Fwp%2Fv2%2Fproduct_tag&post=4655"}],"curies":[{"name":"wp","href":"https:\/\/api.w.org\/{rel}","templated":true}]}}