{"id":4537,"date":"2022-06-28T14:56:19","date_gmt":"2022-06-28T14:56:19","guid":{"rendered":"https:\/\/mabuko.co.mz\/?post_type=product&#038;p=4537"},"modified":"2022-12-22T14:37:23","modified_gmt":"2022-12-22T14:37:23","slug":"aguas-passadas","status":"publish","type":"product","link":"https:\/\/mabuko.co.mz\/site\/?product=aguas-passadas","title":{"rendered":"\u00c1GUAS PASSADAS"},"content":{"rendered":"<p>Jo\u00e3o Tordo<\/p>\n<p>9789897841071<\/p>\n","protected":false},"excerpt":{"rendered":"<div id=\"productPageSectionAboutBook-sinopseTitle\" class=\"right-title\"><strong>SINOPSE<\/strong><\/div>\n<div id=\"productPageSectionAboutBook-sinopse\" class=\"right-text\">\n<p>Durante treze dias de Janeiro de 2019, a chuva cai sem miseric\u00f3rdia sobre Lisboa. \u00c9 quando aparece a primeira v\u00edtima, na praia de Assentiz: uma jovem de quinze anos trazida pela mar\u00e9. O seu corpo apresenta marcas de sofisticada malvadez. A primeira agente no local \u00e9 Pilar Benamor, uma subcomiss\u00e1ria da PSP cuja coragem e empenho em descobrir a verdade ocultam segredos dolorosos.<\/p>\n<p>A jovem v\u00edtima \u00e9 Charlie, filha de um empres\u00e1rio ingl\u00eas, mas logo a v\u00edtima de um segundo crime brutal um rapaz de dezassete anos aparece na floresta de Monsanto, em condi\u00e7\u00f5es inenarr\u00e1veis. Estas duas mortes prematuras e violentas abrem caminho a uma investiga\u00e7\u00e3o que ir\u00e1 descarnar a alta sociedade portuguesa e o submundo do crime.<\/p>\n<p>Ao longo desse inclemente m\u00eas de Inverno, Pilar desbrava caminho na investiga\u00e7\u00e3o, contra tudo e todos e com a ajuda de C\u00edcero, um misterioso eremita.<\/p>\n<p>Desobedecendo a ordens superiores e colocando a pr\u00f3pria vida em risco, vai penetrar no mundo escuro e tenebroso de um psicopata, enquanto luta com os fantasmas que h\u00e1 muito carrega: um pai pol\u00edcia que morreu em servi\u00e7o, um v\u00edcio que a consome e a vulnerabilidade num mundo dominado por homens.<\/p>\n<\/div>\n","protected":false},"featured_media":4538,"template":"","meta":{"_monsterinsights_skip_tracking":false,"_monsterinsights_sitenote_active":false,"_monsterinsights_sitenote_note":"","_monsterinsights_sitenote_category":0},"product_cat":[103,131],"product_tag":[],"class_list":{"0":"post-4537","1":"product","2":"type-product","3":"status-publish","4":"has-post-thumbnail","6":"product_cat-literatura","7":"product_cat-thriller","8":"pa_book-author-joao-tordo","10":"first","11":"instock","12":"shipping-taxable","13":"purchasable","14":"product-type-simple"},"_links":{"self":[{"href":"https:\/\/mabuko.co.mz\/site\/index.php?rest_route=\/wp\/v2\/product\/4537","targetHints":{"allow":["GET"]}}],"collection":[{"href":"https:\/\/mabuko.co.mz\/site\/index.php?rest_route=\/wp\/v2\/product"}],"about":[{"href":"https:\/\/mabuko.co.mz\/site\/index.php?rest_route=\/wp\/v2\/types\/product"}],"wp:featuredmedia":[{"embeddable":true,"href":"https:\/\/mabuko.co.mz\/site\/index.php?rest_route=\/wp\/v2\/media\/4538"}],"wp:attachment":[{"href":"https:\/\/mabuko.co.mz\/site\/index.php?rest_route=%2Fwp%2Fv2%2Fmedia&parent=4537"}],"wp:term":[{"taxonomy":"product_cat","embeddable":true,"href":"https:\/\/mabuko.co.mz\/site\/index.php?rest_route=%2Fwp%2Fv2%2Fproduct_cat&post=4537"},{"taxonomy":"product_tag","embeddable":true,"href":"https:\/\/mabuko.co.mz\/site\/index.php?rest_route=%2Fwp%2Fv2%2Fproduct_tag&post=4537"}],"curies":[{"name":"wp","href":"https:\/\/api.w.org\/{rel}","templated":true}]}}