{"id":4447,"date":"2022-06-28T07:38:04","date_gmt":"2022-06-28T07:38:04","guid":{"rendered":"https:\/\/mabuko.co.mz\/?post_type=product&#038;p=4447"},"modified":"2023-04-11T08:25:06","modified_gmt":"2023-04-11T08:25:06","slug":"as-provadores-de-hitler","status":"publish","type":"product","link":"https:\/\/mabuko.co.mz\/site\/?product=as-provadores-de-hitler","title":{"rendered":"AS PROVADORES DE HITLER"},"content":{"rendered":"<p>Rosella Postorino<\/p>\n<p>9789722067942<\/p>\n","protected":false},"excerpt":{"rendered":"<div id=\"productPageSectionAboutBook-sinopseTitle\" class=\"right-title\"><strong>SINOPSE<\/strong><\/div>\n<div id=\"productPageSectionAboutBook-sinopse\" class=\"right-text\">\n<p>Pr\u00fassia Oriental, outono de 1943. Hitler esconde-se na Wolfsschanze &#8211; a Toca do Lobo -, o seu quartel-general oculto na floresta. As perspetivas de vencer a guerra come\u00e7am a esboroar-se e os seus inimigos aproximam-se cada vez mais.<br \/>\nDez mulheres s\u00e3o escolhidas.<br \/>\nDez mulheres para provar a comida de Hitler e proteg\u00ea-lo de ser envenenado.<\/p>\n<p>Rosa Sauer, de 26 anos, perdeu tudo para esta guerra. Os pais morreram e o marido luta na frente russa. Sozinha e sem dinheiro, Rosa toma a fat\u00eddica decis\u00e3o de deixar Berlim devastada pelos bombardeamentos para morar com os sogros no campo, em busca de ref\u00fagio. Mas uma manh\u00e3, as SS v\u00eam dizer-lhe que foi recrutada para ser uma das provadoras de Hitler: tr\u00eas vezes por dia, ela e nove outras mulheres s\u00e3o levadas para as proximidades da Wolfsschanze, para provar as refei\u00e7\u00f5es do F\u00fchrer. For\u00e7adas a comer o que pode mat\u00e1-las, na atmosfera turva destes banquetes perversos, as provadoras e os militares das SS tra\u00e7am alian\u00e7as ins\u00f3litas &#8211; mas o que \u00e9 ins\u00f3lito quando se vive no limite? E quando, na primavera de 1944, chega ao quartel o tenente Ziegler, instaurando um clima de terror, um inesperado v\u00ednculo nasce entre ele e Rosa.<\/p>\n<\/div>\n","protected":false},"featured_media":4449,"template":"","meta":{"_monsterinsights_skip_tracking":false,"_monsterinsights_sitenote_active":false,"_monsterinsights_sitenote_note":"","_monsterinsights_sitenote_category":0},"product_cat":[103,105],"product_tag":[],"class_list":{"0":"post-4447","1":"product","2":"type-product","3":"status-publish","4":"has-post-thumbnail","6":"product_cat-literatura","7":"product_cat-romance","8":"pa_book-author-rosella-postorino","10":"first","11":"outofstock","12":"shipping-taxable","13":"purchasable","14":"product-type-simple"},"_links":{"self":[{"href":"https:\/\/mabuko.co.mz\/site\/index.php?rest_route=\/wp\/v2\/product\/4447","targetHints":{"allow":["GET"]}}],"collection":[{"href":"https:\/\/mabuko.co.mz\/site\/index.php?rest_route=\/wp\/v2\/product"}],"about":[{"href":"https:\/\/mabuko.co.mz\/site\/index.php?rest_route=\/wp\/v2\/types\/product"}],"wp:featuredmedia":[{"embeddable":true,"href":"https:\/\/mabuko.co.mz\/site\/index.php?rest_route=\/wp\/v2\/media\/4449"}],"wp:attachment":[{"href":"https:\/\/mabuko.co.mz\/site\/index.php?rest_route=%2Fwp%2Fv2%2Fmedia&parent=4447"}],"wp:term":[{"taxonomy":"product_cat","embeddable":true,"href":"https:\/\/mabuko.co.mz\/site\/index.php?rest_route=%2Fwp%2Fv2%2Fproduct_cat&post=4447"},{"taxonomy":"product_tag","embeddable":true,"href":"https:\/\/mabuko.co.mz\/site\/index.php?rest_route=%2Fwp%2Fv2%2Fproduct_tag&post=4447"}],"curies":[{"name":"wp","href":"https:\/\/api.w.org\/{rel}","templated":true}]}}