{"id":4437,"date":"2022-06-28T07:07:11","date_gmt":"2022-06-28T07:07:11","guid":{"rendered":"https:\/\/mabuko.co.mz\/?post_type=product&#038;p=4437"},"modified":"2022-12-22T09:23:39","modified_gmt":"2022-12-22T09:23:39","slug":"dicionario-por-imagens-dos-cavaleiros","status":"publish","type":"product","link":"https:\/\/mabuko.co.mz\/site\/?product=dicionario-por-imagens-dos-cavaleiros","title":{"rendered":"DICION\u00c1RIO POR IMAGENS DOS CAVALEIROS"},"content":{"rendered":"<p>&nbsp;<\/p>\n<p>9782215087625<\/p>\n","protected":false},"excerpt":{"rendered":"<p><strong>SINOPSE<\/strong><\/p>\n<p>Uma colec\u00e7\u00e3o de temas muito diversificados para educar e enriquecer o vocabul\u00e1rio e o conhecimento das crian\u00e7as entre os 4 e os 10 anos, sendo, os Dicion\u00e1rios por Imagens, elaboradas e adaptados \u00e0 complexidade do crescimento. Com textos simples e bem ilustrados; ilustra\u00e7\u00f5es coloridas, com grande detalhe e exactid\u00e3o na representa\u00e7\u00e3o do real.<\/p>\n<p>Manuseio confort\u00e1vel, resistentes e facilmente transport\u00e1veis.<\/p>\n","protected":false},"featured_media":4439,"template":"","meta":{"_monsterinsights_skip_tracking":false,"_monsterinsights_sitenote_active":false,"_monsterinsights_sitenote_note":"","_monsterinsights_sitenote_category":0},"product_cat":[135],"product_tag":[],"class_list":{"0":"post-4437","1":"product","2":"type-product","3":"status-publish","4":"has-post-thumbnail","6":"product_cat-infantil","7":"pa_book-author-varios-autores","9":"first","10":"instock","11":"shipping-taxable","12":"purchasable","13":"product-type-simple"},"_links":{"self":[{"href":"https:\/\/mabuko.co.mz\/site\/index.php?rest_route=\/wp\/v2\/product\/4437","targetHints":{"allow":["GET"]}}],"collection":[{"href":"https:\/\/mabuko.co.mz\/site\/index.php?rest_route=\/wp\/v2\/product"}],"about":[{"href":"https:\/\/mabuko.co.mz\/site\/index.php?rest_route=\/wp\/v2\/types\/product"}],"wp:featuredmedia":[{"embeddable":true,"href":"https:\/\/mabuko.co.mz\/site\/index.php?rest_route=\/wp\/v2\/media\/4439"}],"wp:attachment":[{"href":"https:\/\/mabuko.co.mz\/site\/index.php?rest_route=%2Fwp%2Fv2%2Fmedia&parent=4437"}],"wp:term":[{"taxonomy":"product_cat","embeddable":true,"href":"https:\/\/mabuko.co.mz\/site\/index.php?rest_route=%2Fwp%2Fv2%2Fproduct_cat&post=4437"},{"taxonomy":"product_tag","embeddable":true,"href":"https:\/\/mabuko.co.mz\/site\/index.php?rest_route=%2Fwp%2Fv2%2Fproduct_tag&post=4437"}],"curies":[{"name":"wp","href":"https:\/\/api.w.org\/{rel}","templated":true}]}}