{"id":4365,"date":"2022-06-27T13:54:53","date_gmt":"2022-06-27T13:54:53","guid":{"rendered":"https:\/\/mabuko.co.mz\/?post_type=product&#038;p=4365"},"modified":"2022-12-29T11:32:22","modified_gmt":"2022-12-29T11:32:22","slug":"uma-aventura-voadora","status":"publish","type":"product","link":"https:\/\/mabuko.co.mz\/site\/?product=uma-aventura-voadora","title":{"rendered":"UMA AVENTURA VOADORA"},"content":{"rendered":"<p>Ana Maria Magalhaes<\/p>\n<p>Isabel Alcada<\/p>\n<p>9789722130318<\/p>\n","protected":false},"excerpt":{"rendered":"<div id=\"productPageSectionAboutBook-sinopseTitle\" class=\"right-title\"><strong>SINOPSE<\/strong><\/div>\n<div id=\"productPageSectionAboutBook-sinopse\" class=\"right-text\">\n<p>Um pr\u00edncipe das ar\u00e1bias decide visitar a Falcoaria Real de Salvaterra de Magos, arte que sobremaneira ele aprecia, e decide fazer um concurso com falc\u00f5es cujo pr\u00e9mio \u00e9 uma j\u00f3ia valios\u00edssima.<\/p>\n<p>Os ladr\u00f5es decidem roubar a j\u00f3ia, mas, como se encontra muito bem guardada, n\u00e3o a conseguem roubar. A alternativa \u00e9 raptar o filho do pr\u00edncipe e pedir um resgate.<\/p>\n<p>Vamos ver como actuam os nossos her\u00f3is para resolver mais este crime.<\/p>\n<\/div>\n","protected":false},"featured_media":4366,"template":"","meta":{"_monsterinsights_skip_tracking":false,"_monsterinsights_sitenote_active":false,"_monsterinsights_sitenote_note":"","_monsterinsights_sitenote_category":0},"product_cat":[135],"product_tag":[],"class_list":{"0":"post-4365","1":"product","2":"type-product","3":"status-publish","4":"has-post-thumbnail","6":"product_cat-infantil","7":"pa_book-author-ana-maria-magalhaes","8":"pa_book-author-isabel-alcada","10":"first","11":"outofstock","12":"shipping-taxable","13":"purchasable","14":"product-type-simple"},"_links":{"self":[{"href":"https:\/\/mabuko.co.mz\/site\/index.php?rest_route=\/wp\/v2\/product\/4365","targetHints":{"allow":["GET"]}}],"collection":[{"href":"https:\/\/mabuko.co.mz\/site\/index.php?rest_route=\/wp\/v2\/product"}],"about":[{"href":"https:\/\/mabuko.co.mz\/site\/index.php?rest_route=\/wp\/v2\/types\/product"}],"wp:featuredmedia":[{"embeddable":true,"href":"https:\/\/mabuko.co.mz\/site\/index.php?rest_route=\/wp\/v2\/media\/4366"}],"wp:attachment":[{"href":"https:\/\/mabuko.co.mz\/site\/index.php?rest_route=%2Fwp%2Fv2%2Fmedia&parent=4365"}],"wp:term":[{"taxonomy":"product_cat","embeddable":true,"href":"https:\/\/mabuko.co.mz\/site\/index.php?rest_route=%2Fwp%2Fv2%2Fproduct_cat&post=4365"},{"taxonomy":"product_tag","embeddable":true,"href":"https:\/\/mabuko.co.mz\/site\/index.php?rest_route=%2Fwp%2Fv2%2Fproduct_tag&post=4365"}],"curies":[{"name":"wp","href":"https:\/\/api.w.org\/{rel}","templated":true}]}}