{"id":4359,"date":"2022-06-27T13:37:08","date_gmt":"2022-06-27T13:37:08","guid":{"rendered":"https:\/\/mabuko.co.mz\/?post_type=product&#038;p=4359"},"modified":"2023-03-30T13:39:07","modified_gmt":"2023-03-30T13:39:07","slug":"nunca","status":"publish","type":"product","link":"https:\/\/mabuko.co.mz\/site\/?product=nunca","title":{"rendered":"NUNCA"},"content":{"rendered":"<p>Ken Follett<\/p>\n<p>9789722367608<\/p>\n","protected":false},"excerpt":{"rendered":"<div id=\"productPageSectionAboutBook-sinopseTitle\" class=\"right-title\"><strong>SINOPSE<\/strong><\/div>\n<div id=\"productPageSectionAboutBook-sinopse\" class=\"right-text\">\n<p>Um o\u00e1sis no deserto do Sara, um lago que come\u00e7a a diminuir. Um drone do Ex\u00e9rcito americano roubado. Uma ilha japonesa desabitada. O arsenal secreto de armas qu\u00edmicas de um pa\u00eds. S\u00e3o estes os ingredientes da crise mundial que come\u00e7a a escalar.<\/p>\n<p>\u00abTemos de acabar com isto antes que a situa\u00e7\u00e3o se descontrole. \u00c9 assim que t\u00eam in\u00edcio as cat\u00e1strofes, com um pequeno problema que n\u00e3o \u00e9 tratado.\u00bb Que o diz \u00e9 Pauline Green, presidente dos Estados Unidos da Am\u00e9rica.<\/p>\n<p>Mas h\u00e1 quem tente tudo por tudo para evitar o in\u00edcio de uma nova guerra mundial: uma jovem espia; um agente infiltrado entre os Jiadistas; um brilhante espi\u00e3o chin\u00eas; e a pr\u00f3pria Pauline, que est\u00e1 sob o ataque de um candidato populista que a quer derrotar nas pr\u00f3ximas elei\u00e7\u00f5es.<\/p>\n<p>Povoado de hero\u00ednas e vil\u00f5es, falsos profetas e soldados de elite, pol\u00edticos cansados e revolucion\u00e1rios oportunistas, esta \u00e9 uma hist\u00f3ria que nos transporta para o centro de uma realidade inimagin\u00e1vel. E se isto pudesse mesmo acontecer?<\/p>\n<\/div>\n","protected":false},"featured_media":4361,"template":"","meta":{"_monsterinsights_skip_tracking":false,"_monsterinsights_sitenote_active":false,"_monsterinsights_sitenote_note":"","_monsterinsights_sitenote_category":0},"product_cat":[103,131],"product_tag":[],"class_list":{"0":"post-4359","1":"product","2":"type-product","3":"status-publish","4":"has-post-thumbnail","6":"product_cat-literatura","7":"product_cat-thriller","8":"pa_book-author-ken-follett","10":"first","11":"outofstock","12":"shipping-taxable","13":"purchasable","14":"product-type-simple"},"_links":{"self":[{"href":"https:\/\/mabuko.co.mz\/site\/index.php?rest_route=\/wp\/v2\/product\/4359","targetHints":{"allow":["GET"]}}],"collection":[{"href":"https:\/\/mabuko.co.mz\/site\/index.php?rest_route=\/wp\/v2\/product"}],"about":[{"href":"https:\/\/mabuko.co.mz\/site\/index.php?rest_route=\/wp\/v2\/types\/product"}],"wp:featuredmedia":[{"embeddable":true,"href":"https:\/\/mabuko.co.mz\/site\/index.php?rest_route=\/wp\/v2\/media\/4361"}],"wp:attachment":[{"href":"https:\/\/mabuko.co.mz\/site\/index.php?rest_route=%2Fwp%2Fv2%2Fmedia&parent=4359"}],"wp:term":[{"taxonomy":"product_cat","embeddable":true,"href":"https:\/\/mabuko.co.mz\/site\/index.php?rest_route=%2Fwp%2Fv2%2Fproduct_cat&post=4359"},{"taxonomy":"product_tag","embeddable":true,"href":"https:\/\/mabuko.co.mz\/site\/index.php?rest_route=%2Fwp%2Fv2%2Fproduct_tag&post=4359"}],"curies":[{"name":"wp","href":"https:\/\/api.w.org\/{rel}","templated":true}]}}