{"id":4318,"date":"2022-06-24T14:35:11","date_gmt":"2022-06-24T14:35:11","guid":{"rendered":"https:\/\/mabuko.co.mz\/?post_type=product&#038;p=4318"},"modified":"2023-01-13T14:43:45","modified_gmt":"2023-01-13T14:43:45","slug":"gungunhana","status":"publish","type":"product","link":"https:\/\/mabuko.co.mz\/site\/?product=gungunhana","title":{"rendered":"GUNGUNHANA"},"content":{"rendered":"<p>Ungulani Ba ka Khosa<\/p>\n<p>9789720030467<\/p>\n","protected":false},"excerpt":{"rendered":"<p>SINOPSE Em 1987, Ungulani Ba Ka Khosa inscrever-se-ia de forma indel\u00e9vel no c\u00e2none da literatura mo\u00e7ambicana com a publica\u00e7\u00e3o de Ualalapi, um romance de estreia t\u00e3o perturbador quanto fascinante, eleito um dos cem melhores romances africanos do s\u00e9culo XX. Gungunhana, o \u00faltimo imperador de Gaza, parte atual de Mo\u00e7ambique, subiu ao poder quando Ualalapi, nome de um guerreiro nguni, matou o seu irm\u00e3o, Mafemane. Famoso pela resist\u00eancia que op\u00f4s aos Portugueses, Gungunhana reinou de 1884 at\u00e9 28 de Dezembro de 1895, dia em que foi feito prisioneiro por Mouzinho de Albuquerque, transportado para Lisboa e posteriormente enviado para os A\u00e7ores, onde viveria em ex\u00edlio at\u00e9 ao final dos seus dias. Nesta edi\u00e7\u00e3o, \u00e0 hist\u00f3ria deste imperador &#8211; a sua ascens\u00e3o e queda &#8211; junta-se a narra\u00e7\u00e3o ficcionada das vidas das mulheres que o acompanharam na sua viagem e que regressaram ao solo p\u00e1trio em 1911, depois de longos e tortuosos quinze anos de ex\u00edlio. Com As Mulheres do Imperador, Ungulani Ba Ka Khosa fecha o ciclo dedicado a esta figura hist\u00f3rica \u00edmpar, celebrando os seus trinta anos de escrita com um tributo &#8211; merecido &#8211; \u00e0s mulheres, sempre secularizadas pela Hist\u00f3ria.<\/p>\n","protected":false},"featured_media":4319,"template":"","meta":{"_monsterinsights_skip_tracking":false,"_monsterinsights_sitenote_active":false,"_monsterinsights_sitenote_note":"","_monsterinsights_sitenote_category":0},"product_cat":[103,105],"product_tag":[],"class_list":{"0":"post-4318","1":"product","2":"type-product","3":"status-publish","4":"has-post-thumbnail","6":"product_cat-literatura","7":"product_cat-romance","8":"pa_book-author-ungulani-ba-ka-khosa","10":"first","11":"outofstock","12":"shipping-taxable","13":"purchasable","14":"product-type-simple"},"_links":{"self":[{"href":"https:\/\/mabuko.co.mz\/site\/index.php?rest_route=\/wp\/v2\/product\/4318","targetHints":{"allow":["GET"]}}],"collection":[{"href":"https:\/\/mabuko.co.mz\/site\/index.php?rest_route=\/wp\/v2\/product"}],"about":[{"href":"https:\/\/mabuko.co.mz\/site\/index.php?rest_route=\/wp\/v2\/types\/product"}],"wp:featuredmedia":[{"embeddable":true,"href":"https:\/\/mabuko.co.mz\/site\/index.php?rest_route=\/wp\/v2\/media\/4319"}],"wp:attachment":[{"href":"https:\/\/mabuko.co.mz\/site\/index.php?rest_route=%2Fwp%2Fv2%2Fmedia&parent=4318"}],"wp:term":[{"taxonomy":"product_cat","embeddable":true,"href":"https:\/\/mabuko.co.mz\/site\/index.php?rest_route=%2Fwp%2Fv2%2Fproduct_cat&post=4318"},{"taxonomy":"product_tag","embeddable":true,"href":"https:\/\/mabuko.co.mz\/site\/index.php?rest_route=%2Fwp%2Fv2%2Fproduct_tag&post=4318"}],"curies":[{"name":"wp","href":"https:\/\/api.w.org\/{rel}","templated":true}]}}