{"id":4297,"date":"2022-06-24T12:06:35","date_gmt":"2022-06-24T12:06:35","guid":{"rendered":"https:\/\/mabuko.co.mz\/?post_type=product&#038;p=4297"},"modified":"2023-01-13T14:24:30","modified_gmt":"2023-01-13T14:24:30","slug":"uma-fortuna-perigosa","status":"publish","type":"product","link":"https:\/\/mabuko.co.mz\/site\/?product=uma-fortuna-perigosa","title":{"rendered":"UMA FORTUNA PERIGOSA"},"content":{"rendered":"","protected":false},"excerpt":{"rendered":"<div id=\"productPageSectionAboutBook-sinopseTitle\" class=\"right-title\"><strong>SINOPSE<\/strong><\/div>\n<div id=\"productPageSectionAboutBook-sinopse\" class=\"right-text\">\n<p>Inglaterra, 1866. O ver\u00e3o anuncia-se quente e, numa tarde de maio, um jovem morre afogado numa pedreira inundada de \u00e1gua. O incidente ocorre em Windfield School, uma escola frequentada por rapazes oriundos de classes abastadas, permanece encoberto em mist\u00e9rio conduzindo a uma tr\u00e1gica saga de amor, poder e vingan\u00e7a que envolve sucessivas gera\u00e7\u00f5es de uma fam\u00edlia de banqueiros.<\/p>\n<p>A hist\u00f3ria decorre entre a riqueza e a decad\u00eancia de uma Inglaterra vitoriana, entre a City londrina e col\u00f3nias distantes. O leitor acompanha a fam\u00edlia Pilaster durante o per\u00edodo \u00e1ureo do imp\u00e9rio brit\u00e2nico. Ken Follett inspirou-se num caso real de bancarrota ocorrido no s\u00e9culo XIX para escrever este romance extraordin\u00e1rio.<\/p>\n<\/div>\n","protected":false},"featured_media":4299,"template":"","meta":{"_monsterinsights_skip_tracking":false,"_monsterinsights_sitenote_active":false,"_monsterinsights_sitenote_note":"","_monsterinsights_sitenote_category":0},"product_cat":[105],"product_tag":[],"class_list":{"0":"post-4297","1":"product","2":"type-product","3":"status-publish","4":"has-post-thumbnail","6":"product_cat-romance","7":"pa_book-author-ken-follett","9":"first","10":"outofstock","11":"shipping-taxable","12":"purchasable","13":"product-type-simple"},"_links":{"self":[{"href":"https:\/\/mabuko.co.mz\/site\/index.php?rest_route=\/wp\/v2\/product\/4297","targetHints":{"allow":["GET"]}}],"collection":[{"href":"https:\/\/mabuko.co.mz\/site\/index.php?rest_route=\/wp\/v2\/product"}],"about":[{"href":"https:\/\/mabuko.co.mz\/site\/index.php?rest_route=\/wp\/v2\/types\/product"}],"wp:featuredmedia":[{"embeddable":true,"href":"https:\/\/mabuko.co.mz\/site\/index.php?rest_route=\/wp\/v2\/media\/4299"}],"wp:attachment":[{"href":"https:\/\/mabuko.co.mz\/site\/index.php?rest_route=%2Fwp%2Fv2%2Fmedia&parent=4297"}],"wp:term":[{"taxonomy":"product_cat","embeddable":true,"href":"https:\/\/mabuko.co.mz\/site\/index.php?rest_route=%2Fwp%2Fv2%2Fproduct_cat&post=4297"},{"taxonomy":"product_tag","embeddable":true,"href":"https:\/\/mabuko.co.mz\/site\/index.php?rest_route=%2Fwp%2Fv2%2Fproduct_tag&post=4297"}],"curies":[{"name":"wp","href":"https:\/\/api.w.org\/{rel}","templated":true}]}}