{"id":4292,"date":"2022-06-24T11:39:29","date_gmt":"2022-06-24T11:39:29","guid":{"rendered":"https:\/\/mabuko.co.mz\/?post_type=product&#038;p=4292"},"modified":"2022-12-20T14:39:48","modified_gmt":"2022-12-20T14:39:48","slug":"tia-suzana-meu-amor","status":"publish","type":"product","link":"https:\/\/mabuko.co.mz\/site\/?product=tia-suzana-meu-amor","title":{"rendered":"TIA SUZANA, MEU AMOR"},"content":{"rendered":"<p>Ant\u00f3nio Al\u00e7ada Baptista<\/p>\n<p>9789722309875<\/p>\n","protected":false},"excerpt":{"rendered":"<div id=\"productPageSectionAboutBook-sinopseTitle\" class=\"right-title\">SINOPSE<\/div>\n<div id=\"productPageSectionAboutBook-sinopse\" class=\"right-text\">\n<p>\u00abTia Suzana, Meu Amor\u00bb traz-nos toda a comunicabilidade de uma escrita sedutora, feita de registos subtis desse jogo incessante entre o at\u00e1vico e a mudan\u00e7a, que tem tanto a ver com a sua experi\u00eancia de vida como com o corpo social de que fazemos parte. Um belo livro que conta a hist\u00f3ria de uma paix\u00e3o lenta (que percorre todo o texto como uma melodia) de um jovem beir\u00e3o pela sua tia. E, por fim, a decifra\u00e7\u00e3o do mist\u00e9rio vem rematar o sentido desta evoca\u00e7\u00e3o, feita de mem\u00f3rias e viv\u00eancia contempor\u00e2neas.<\/p>\n<\/div>\n","protected":false},"featured_media":4293,"template":"","meta":{"_monsterinsights_skip_tracking":false,"_monsterinsights_sitenote_active":false,"_monsterinsights_sitenote_note":"","_monsterinsights_sitenote_category":0},"product_cat":[103,105],"product_tag":[],"class_list":{"0":"post-4292","1":"product","2":"type-product","3":"status-publish","4":"has-post-thumbnail","6":"product_cat-literatura","7":"product_cat-romance","8":"pa_book-author-antonio-alcada-baptista","10":"first","11":"instock","12":"shipping-taxable","13":"purchasable","14":"product-type-simple"},"_links":{"self":[{"href":"https:\/\/mabuko.co.mz\/site\/index.php?rest_route=\/wp\/v2\/product\/4292","targetHints":{"allow":["GET"]}}],"collection":[{"href":"https:\/\/mabuko.co.mz\/site\/index.php?rest_route=\/wp\/v2\/product"}],"about":[{"href":"https:\/\/mabuko.co.mz\/site\/index.php?rest_route=\/wp\/v2\/types\/product"}],"wp:featuredmedia":[{"embeddable":true,"href":"https:\/\/mabuko.co.mz\/site\/index.php?rest_route=\/wp\/v2\/media\/4293"}],"wp:attachment":[{"href":"https:\/\/mabuko.co.mz\/site\/index.php?rest_route=%2Fwp%2Fv2%2Fmedia&parent=4292"}],"wp:term":[{"taxonomy":"product_cat","embeddable":true,"href":"https:\/\/mabuko.co.mz\/site\/index.php?rest_route=%2Fwp%2Fv2%2Fproduct_cat&post=4292"},{"taxonomy":"product_tag","embeddable":true,"href":"https:\/\/mabuko.co.mz\/site\/index.php?rest_route=%2Fwp%2Fv2%2Fproduct_tag&post=4292"}],"curies":[{"name":"wp","href":"https:\/\/api.w.org\/{rel}","templated":true}]}}