{"id":4283,"date":"2022-06-24T10:54:37","date_gmt":"2022-06-24T10:54:37","guid":{"rendered":"https:\/\/mabuko.co.mz\/?post_type=product&#038;p=4283"},"modified":"2022-12-20T14:55:26","modified_gmt":"2022-12-20T14:55:26","slug":"orgulho-e-preconceito","status":"publish","type":"product","link":"https:\/\/mabuko.co.mz\/site\/?product=orgulho-e-preconceito","title":{"rendered":"ORGULHO E PRECONCEITO"},"content":{"rendered":"<p>Jane Austen<\/p>\n<p>9789722352291<\/p>\n<p>&nbsp;<\/p>\n","protected":false},"excerpt":{"rendered":"<p><strong>SINOPSE<\/strong><\/p>\n<p>Plano Nacional de Leitura Livro recomendado para o Ensino Secund\u00e1rio como sugest\u00e3o de leitura. Orgulho e Preconceito \u00e9 o romance mais conhecido de Jane Austen. Embora o universo que retrata seja circunscrito &#8211; a sociedade inglesa rural da \u00e9poca -, gra\u00e7as ao g\u00e9nio de Austen o seu apelo mant\u00e9m-se intacto. \u00c9 uma hist\u00f3ria de amor poderosa, entre Elizabeth Bennet, a filha de esp\u00edrito vivo e independente de um pequeno propriet\u00e1rio rural, e Mr. Darcy, um aristocrata altivo da mais antiga linhagem. Mas \u00e9 tamb\u00e9m uma deliciosa com\u00e9dia social, \u00e0 qual est\u00e3o subjacentes tem\u00e1ticas mais profundas. A sua atmosfera \u00e9 iluminada por uma jovialidade contagiante, por uma variedade de personagens e vozes que tornam o enredo vibrante e constantemente agitado pelo elemento surpresa, pela genialidade da intelig\u00eancia e da ironia de Austen. A presente edi\u00e7\u00e3o de Orgulho e Preconceito conta com uma tradu\u00e7\u00e3o de grande qualidade.<\/p>\n","protected":false},"featured_media":4285,"template":"","meta":{"_monsterinsights_skip_tracking":false,"_monsterinsights_sitenote_active":false,"_monsterinsights_sitenote_note":"","_monsterinsights_sitenote_category":0},"product_cat":[103,105],"product_tag":[],"class_list":{"0":"post-4283","1":"product","2":"type-product","3":"status-publish","4":"has-post-thumbnail","6":"product_cat-literatura","7":"product_cat-romance","8":"pa_book-author-jane-austen","10":"first","11":"outofstock","12":"shipping-taxable","13":"purchasable","14":"product-type-simple"},"_links":{"self":[{"href":"https:\/\/mabuko.co.mz\/site\/index.php?rest_route=\/wp\/v2\/product\/4283","targetHints":{"allow":["GET"]}}],"collection":[{"href":"https:\/\/mabuko.co.mz\/site\/index.php?rest_route=\/wp\/v2\/product"}],"about":[{"href":"https:\/\/mabuko.co.mz\/site\/index.php?rest_route=\/wp\/v2\/types\/product"}],"wp:featuredmedia":[{"embeddable":true,"href":"https:\/\/mabuko.co.mz\/site\/index.php?rest_route=\/wp\/v2\/media\/4285"}],"wp:attachment":[{"href":"https:\/\/mabuko.co.mz\/site\/index.php?rest_route=%2Fwp%2Fv2%2Fmedia&parent=4283"}],"wp:term":[{"taxonomy":"product_cat","embeddable":true,"href":"https:\/\/mabuko.co.mz\/site\/index.php?rest_route=%2Fwp%2Fv2%2Fproduct_cat&post=4283"},{"taxonomy":"product_tag","embeddable":true,"href":"https:\/\/mabuko.co.mz\/site\/index.php?rest_route=%2Fwp%2Fv2%2Fproduct_tag&post=4283"}],"curies":[{"name":"wp","href":"https:\/\/api.w.org\/{rel}","templated":true}]}}