{"id":4264,"date":"2022-06-24T08:14:38","date_gmt":"2022-06-24T08:14:38","guid":{"rendered":"https:\/\/mabuko.co.mz\/?post_type=product&#038;p=4264"},"modified":"2022-12-21T09:22:38","modified_gmt":"2022-12-21T09:22:38","slug":"lucky-luke-a-diligencia","status":"publish","type":"product","link":"https:\/\/mabuko.co.mz\/site\/?product=lucky-luke-a-diligencia","title":{"rendered":"LUCKY LUKE &#8211; A DILIG\u00caNCIA"},"content":{"rendered":"<p>Morris<\/p>\n<p>Rene Goscinny<\/p>\n<p>9789724139401<\/p>\n","protected":false},"excerpt":{"rendered":"<section id=\"product_about\" class=\"col-xs-12\">\n<div id=\"productPageSectionAboutBook\" class=\"col-xs-12 section\">\n<div id=\"productPageSectionAboutBook-collapseSobreLivro\" class=\"col-xs-12 col-lg-8 right-side collapse\">\n<div class=\"wells\">\n<div id=\"productPageSectionAboutBook-sinopseTitle\" class=\"right-title\">SINOPSE<\/div>\n<div id=\"productPageSectionAboutBook-sinopse\" class=\"right-text\">\n<p>Fazer com que uma dilig\u00eancia carregada de ouro atravesse o Oeste americano sem ser assaltada \u00e9 tarefa quase imposs\u00edvel. A menos que se contrate Lucky Luke &#8211; o \u00fanico pistoleiro que dispara mais r\u00e1pido do que a sua pr\u00f3pria sombra &#8211; para a proteger durante a viagem. \u00c9 assim que o nosso her\u00f3i se v\u00ea envolvido numa electrizante aventura que nos promete grandes doses de riso.<\/p>\n<\/div>\n<\/div>\n<\/div>\n<\/div>\n<\/section>\n<section id=\"product_detail\" class=\"col-xs-12\">\n<div id=\"productPageSectionDetails\" class=\"col-xs-12 section\">\n<div><strong>SINOPSE<\/strong><\/div>\n<div><span style=\"font-size: 1rem;\">Fazer com que uma dilig\u00eancia carregada de ouro atravesse o Oeste americano sem ser assaltada \u00e9 tarefa quase imposs\u00edvel. A menos que se contrate Lucky Luke &#8211; o \u00fanico pistoleiro que dispara mais r\u00e1pido do que a sua pr\u00f3pria sombra &#8211; para a proteger durante a viagem. \u00c9 assim que o nosso her\u00f3i se v\u00ea envolvido numa electrizante aventura que nos promete grandes doses de riso.<\/span><\/div>\n<\/div>\n<\/section>\n","protected":false},"featured_media":4266,"template":"","meta":{"_monsterinsights_skip_tracking":false,"_monsterinsights_sitenote_active":false,"_monsterinsights_sitenote_note":"","_monsterinsights_sitenote_category":0},"product_cat":[205],"product_tag":[],"class_list":{"0":"post-4264","1":"product","2":"type-product","3":"status-publish","4":"has-post-thumbnail","6":"product_cat-banda-desenhada","7":"pa_book-author-morris","8":"pa_book-author-rene-goscinny","10":"first","11":"outofstock","12":"shipping-taxable","13":"purchasable","14":"product-type-simple"},"_links":{"self":[{"href":"https:\/\/mabuko.co.mz\/site\/index.php?rest_route=\/wp\/v2\/product\/4264","targetHints":{"allow":["GET"]}}],"collection":[{"href":"https:\/\/mabuko.co.mz\/site\/index.php?rest_route=\/wp\/v2\/product"}],"about":[{"href":"https:\/\/mabuko.co.mz\/site\/index.php?rest_route=\/wp\/v2\/types\/product"}],"wp:featuredmedia":[{"embeddable":true,"href":"https:\/\/mabuko.co.mz\/site\/index.php?rest_route=\/wp\/v2\/media\/4266"}],"wp:attachment":[{"href":"https:\/\/mabuko.co.mz\/site\/index.php?rest_route=%2Fwp%2Fv2%2Fmedia&parent=4264"}],"wp:term":[{"taxonomy":"product_cat","embeddable":true,"href":"https:\/\/mabuko.co.mz\/site\/index.php?rest_route=%2Fwp%2Fv2%2Fproduct_cat&post=4264"},{"taxonomy":"product_tag","embeddable":true,"href":"https:\/\/mabuko.co.mz\/site\/index.php?rest_route=%2Fwp%2Fv2%2Fproduct_tag&post=4264"}],"curies":[{"name":"wp","href":"https:\/\/api.w.org\/{rel}","templated":true}]}}