{"id":4262,"date":"2022-06-24T07:59:51","date_gmt":"2022-06-24T07:59:51","guid":{"rendered":"https:\/\/mabuko.co.mz\/?post_type=product&#038;p=4262"},"modified":"2025-04-23T13:27:46","modified_gmt":"2025-04-23T13:27:46","slug":"estorias-abensonhadas","status":"publish","type":"product","link":"https:\/\/mabuko.co.mz\/site\/?product=estorias-abensonhadas","title":{"rendered":"EST\u00d3RIAS ABENSONHADAS"},"content":{"rendered":"<p>Mia couto<\/p>\n<p>9789722126649<\/p>\n","protected":false},"excerpt":{"rendered":"<div id=\"productPageSectionAboutBook-sinopseTitle\" class=\"right-title\"><strong>SINOPSE<\/strong><\/div>\n<div id=\"productPageSectionAboutBook-sinopse\" class=\"right-text\">\n<p>Depois de Terra Son\u00e2mbula estas est\u00f3rias fazem regressar o imagin\u00e1rio mo\u00e7ambicano pela m\u00e3o de Mia Couto. Se o romance deste autor mo\u00e7ambicano nos transportou para o universo tr\u00e1gico da guerra, estas breves hist\u00f3rias s\u00e3o flagrantes do renascer do pa\u00eds, depois da assinatura do Acordo de Paz. Re\u00fanem-se aqui contos, alguns j\u00e1 publicados em jornal, em que se inscreve o mesmo estilo e a mesma capacidade de sonhar j\u00e1 consagrados em anteriores obras (Vozes Anoitecidas, Cronicando, Cada Homem \u00e9 uma Ra\u00e7a, Terra Son\u00e2mbula). Os contos j\u00e1 publicados foram, no entanto, revistos e alterados para publica\u00e7\u00e3o em livro. Em todas as est\u00f3rias se reconhece o trabalho profundamente pessoal de recria\u00e7\u00e3o da linguagem, o aproveitamento liter\u00e1rio da fala popular mo\u00e7ambicana e o pleno exerc\u00edcio da poesia.<\/p>\n<\/div>\n","protected":false},"featured_media":4263,"template":"","meta":{"_monsterinsights_skip_tracking":false,"_monsterinsights_sitenote_active":false,"_monsterinsights_sitenote_note":"","_monsterinsights_sitenote_category":0},"product_cat":[103,105],"product_tag":[],"class_list":{"0":"post-4262","1":"product","2":"type-product","3":"status-publish","4":"has-post-thumbnail","6":"product_cat-literatura","7":"product_cat-romance","8":"pa_book-author-mia-couto","10":"first","11":"outofstock","12":"shipping-taxable","13":"purchasable","14":"product-type-simple"},"_links":{"self":[{"href":"https:\/\/mabuko.co.mz\/site\/index.php?rest_route=\/wp\/v2\/product\/4262","targetHints":{"allow":["GET"]}}],"collection":[{"href":"https:\/\/mabuko.co.mz\/site\/index.php?rest_route=\/wp\/v2\/product"}],"about":[{"href":"https:\/\/mabuko.co.mz\/site\/index.php?rest_route=\/wp\/v2\/types\/product"}],"wp:featuredmedia":[{"embeddable":true,"href":"https:\/\/mabuko.co.mz\/site\/index.php?rest_route=\/wp\/v2\/media\/4263"}],"wp:attachment":[{"href":"https:\/\/mabuko.co.mz\/site\/index.php?rest_route=%2Fwp%2Fv2%2Fmedia&parent=4262"}],"wp:term":[{"taxonomy":"product_cat","embeddable":true,"href":"https:\/\/mabuko.co.mz\/site\/index.php?rest_route=%2Fwp%2Fv2%2Fproduct_cat&post=4262"},{"taxonomy":"product_tag","embeddable":true,"href":"https:\/\/mabuko.co.mz\/site\/index.php?rest_route=%2Fwp%2Fv2%2Fproduct_tag&post=4262"}],"curies":[{"name":"wp","href":"https:\/\/api.w.org\/{rel}","templated":true}]}}