{"id":4219,"date":"2022-06-23T08:13:26","date_gmt":"2022-06-23T08:13:26","guid":{"rendered":"https:\/\/mabuko.co.mz\/?post_type=product&#038;p=4219"},"modified":"2022-12-20T10:30:30","modified_gmt":"2022-12-20T10:30:30","slug":"os-aneis-do-meus-cabelo-a-historia-de-mariza","status":"publish","type":"product","link":"https:\/\/mabuko.co.mz\/site\/?product=os-aneis-do-meus-cabelo-a-historia-de-mariza","title":{"rendered":"OS AN\u00c9IS DO MEU CABELO A HIST\u00d3RIA DE MARIZA"},"content":{"rendered":"","protected":false},"excerpt":{"rendered":"<div id=\"productPageSectionAboutBook-sinopseTitle\" class=\"right-title\"><strong>SINOPSE<\/strong><\/div>\n<div id=\"productPageSectionAboutBook-sinopse\" class=\"right-text\">\n<p>Mariza dos Reis Nunes cresceu entre dois continentes. Dentro de casa estava em Mo\u00e7ambique, a terra onde nasceu, com a sua cultura, a sua m\u00fasica, a sua culin\u00e1ria. Mal sa\u00eda \u00e0 rua, mergulhava nas ruelas da Mouraria, na Lisboa antiga, no mundo do fado.<\/p>\n<p>A conviv\u00eancia com dois universos t\u00e3o diferentes moldou de forma indel\u00e9vel a sua personalidade como mulher e como artista. E o seu amor pela m\u00fasica, aliado ao dom de interpretar todos os g\u00e9neros com a mesma alma, fizeram de Mariza uma cantora e fadista com tal arrojo e originalidade que, duas d\u00e9cadas depois de ter iniciado a carreira, continua a ser recebida em \u00eaxtase nas grandes salas de espet\u00e1culo de todo o mundo.<\/p>\n<p>Mariza, os amigos, a fam\u00edlia e os m\u00fasicos revelam-nos neste livro a mulher fora do palco, sem saltos altos nem vestidos de renda, com a m\u00e3o que costumamos ver a agarrar o microfone segurando com for\u00e7a a do seu filho.<\/p>\n<\/div>\n","protected":false},"featured_media":4220,"template":"","meta":{"_monsterinsights_skip_tracking":false,"_monsterinsights_sitenote_active":false,"_monsterinsights_sitenote_note":"","_monsterinsights_sitenote_category":0},"product_cat":[173,103],"product_tag":[],"class_list":{"0":"post-4219","1":"product","2":"type-product","3":"status-publish","4":"has-post-thumbnail","6":"product_cat-biografias","7":"product_cat-literatura","8":"pa_book-author-dina-soares","10":"first","11":"instock","12":"shipping-taxable","13":"purchasable","14":"product-type-simple"},"_links":{"self":[{"href":"https:\/\/mabuko.co.mz\/site\/index.php?rest_route=\/wp\/v2\/product\/4219","targetHints":{"allow":["GET"]}}],"collection":[{"href":"https:\/\/mabuko.co.mz\/site\/index.php?rest_route=\/wp\/v2\/product"}],"about":[{"href":"https:\/\/mabuko.co.mz\/site\/index.php?rest_route=\/wp\/v2\/types\/product"}],"wp:featuredmedia":[{"embeddable":true,"href":"https:\/\/mabuko.co.mz\/site\/index.php?rest_route=\/wp\/v2\/media\/4220"}],"wp:attachment":[{"href":"https:\/\/mabuko.co.mz\/site\/index.php?rest_route=%2Fwp%2Fv2%2Fmedia&parent=4219"}],"wp:term":[{"taxonomy":"product_cat","embeddable":true,"href":"https:\/\/mabuko.co.mz\/site\/index.php?rest_route=%2Fwp%2Fv2%2Fproduct_cat&post=4219"},{"taxonomy":"product_tag","embeddable":true,"href":"https:\/\/mabuko.co.mz\/site\/index.php?rest_route=%2Fwp%2Fv2%2Fproduct_tag&post=4219"}],"curies":[{"name":"wp","href":"https:\/\/api.w.org\/{rel}","templated":true}]}}