{"id":4180,"date":"2022-06-22T10:19:46","date_gmt":"2022-06-22T10:19:46","guid":{"rendered":"https:\/\/mabuko.co.mz\/?post_type=product&#038;p=4180"},"modified":"2022-12-20T09:02:38","modified_gmt":"2022-12-20T09:02:38","slug":"novas-relacoes-laborais","status":"publish","type":"product","link":"https:\/\/mabuko.co.mz\/site\/?product=novas-relacoes-laborais","title":{"rendered":"NOVAS RELA\u00c7\u00d5ES LABORAIS"},"content":{"rendered":"","protected":false},"excerpt":{"rendered":"<div id=\"productPageSectionAboutBook-sinopseTitle\" class=\"right-title\"><strong>SINOPSE<\/strong><\/div>\n<div id=\"productPageSectionAboutBook-sinopse\" class=\"right-text\">\n<p>Ao mesmo tempo que a sociedade continua a sua transi\u00e7\u00e3o da Era Industrial para a Era Digital, os locais de trabalho s\u00e3o confrontados com novos desafios que d\u00e3o azo ao aparecimento de um fen\u00f3meno recente, a Dist\u00e2ncia Virtual, que compreende tr\u00eas dimens\u00f5es fundamentais: a dist\u00e2ncia f\u00edsica &#8211; geogr\u00e1fica, de fuso hor\u00e1rio ou organizacional; a dist\u00e2ncia operacional &#8211;\u00a0<i>multitasking<\/i>, dificuldades de comunica\u00e7\u00e3o e problemas t\u00e9cnicos; e a dist\u00e2ncia de afinidade &#8211; diferen\u00e7as culturais, dificuldade no estabelecimento de interdepend\u00eancias, rela\u00e7\u00f5es de trabalho e distanciamento social.<\/p>\n<p>Integrado na Colec\u00e7\u00e3o\u00a0<i>Microsoft Executive Leadership Series<\/i>, o livro\u00a0<i>Novas Rela\u00e7\u00f5es Laborais<\/i>\u00a0introduz o conceito de Dist\u00e2ncia Virtual para mostrar \u00e0s empresas os custos efectivos de trabalhar num ambiente virtual. Depois, vai um pouco mais al\u00e9m e fornece m\u00e9todos fi\u00e1veis para avaliar estes custos e orienta\u00e7\u00e3o para a sua gest\u00e3o adequada.<\/p>\n<p>Qualquer que seja o n\u00edvel de entendimento da sua organiza\u00e7\u00e3o em rela\u00e7\u00e3o \u00e0s implica\u00e7\u00f5es da Dist\u00e2ncia Virtual,\u00a0<i>Novas Rela\u00e7\u00f5es Laborais<\/i>\u00a0abrange as seguintes quest\u00f5es:<\/p>\n<p>\u2022 Como \u00e9 que a transi\u00e7\u00e3o para uma for\u00e7a de trabalho &#8220;virtual&#8221; cria desafios reais \u00e0 colabora\u00e7\u00e3o e inova\u00e7\u00e3o, e como \u00e9 que podemos avaliar e gerir o impacto;<br \/>\n\u2022 Que impacto \u00e9 que a Dist\u00e2ncia Virtual tem na produtividade e na inova\u00e7\u00e3o;<br \/>\n\u2022 A compreens\u00e3o e orienta\u00e7\u00e3o sobre como gerir estes novos riscos;<br \/>\n\u2022 Uma perspectiva hist\u00f3rica do conceito de &#8220;dist\u00e2ncia&#8221;, que demonstra que o que comummente designamos como &#8220;morte da dist\u00e2ncia&#8221; \u00e9 apenas um mito, e mostra como a nossa percep\u00e7\u00e3o de dist\u00e2ncia no local de trabalho virtual tem de ter em conta tanto os espa\u00e7os f\u00edsicos como os psicol\u00f3gicos.<\/p>\n<p>Hoje em dia, quase todas a organiza\u00e7\u00f5es s\u00e3o confrontadas com o impacto da virtualiza\u00e7\u00e3o no local de trabalho. Por\u00e9m, falta um entendimento claro dos custos da virtualiza\u00e7\u00e3o.\u00a0<i>Novas Rela\u00e7\u00f5es Laborais<\/i>\u00a0proporciona uma melhor compreens\u00e3o da Dist\u00e2ncia Virtual e do impacto que esta tem nas pessoas e no seu desempenho, fornecendo os instrumentos necess\u00e1rios para minimizar esse impacto.<\/p>\n<\/div>\n","protected":false},"featured_media":0,"template":"","meta":{"_monsterinsights_skip_tracking":false,"_monsterinsights_sitenote_active":false,"_monsterinsights_sitenote_note":"","_monsterinsights_sitenote_category":0},"product_cat":[102],"product_tag":[],"class_list":{"0":"post-4180","1":"product","2":"type-product","3":"status-publish","5":"product_cat-livros-tecnicos","6":"pa_book-author-karen-sobel-lojeski","7":"pa_book-author-richard-r-reilley","9":"first","10":"instock","11":"shipping-taxable","12":"purchasable","13":"product-type-simple"},"_links":{"self":[{"href":"https:\/\/mabuko.co.mz\/site\/index.php?rest_route=\/wp\/v2\/product\/4180","targetHints":{"allow":["GET"]}}],"collection":[{"href":"https:\/\/mabuko.co.mz\/site\/index.php?rest_route=\/wp\/v2\/product"}],"about":[{"href":"https:\/\/mabuko.co.mz\/site\/index.php?rest_route=\/wp\/v2\/types\/product"}],"wp:attachment":[{"href":"https:\/\/mabuko.co.mz\/site\/index.php?rest_route=%2Fwp%2Fv2%2Fmedia&parent=4180"}],"wp:term":[{"taxonomy":"product_cat","embeddable":true,"href":"https:\/\/mabuko.co.mz\/site\/index.php?rest_route=%2Fwp%2Fv2%2Fproduct_cat&post=4180"},{"taxonomy":"product_tag","embeddable":true,"href":"https:\/\/mabuko.co.mz\/site\/index.php?rest_route=%2Fwp%2Fv2%2Fproduct_tag&post=4180"}],"curies":[{"name":"wp","href":"https:\/\/api.w.org\/{rel}","templated":true}]}}