{"id":4167,"date":"2022-06-22T07:35:50","date_gmt":"2022-06-22T07:35:50","guid":{"rendered":"https:\/\/mabuko.co.mz\/?post_type=product&#038;p=4167"},"modified":"2023-01-13T13:00:29","modified_gmt":"2023-01-13T13:00:29","slug":"gosto-de-mulheres","status":"publish","type":"product","link":"https:\/\/mabuko.co.mz\/site\/?product=gosto-de-mulheres","title":{"rendered":"GOSTO DE MULHERES"},"content":{"rendered":"<p>Emanuel Correia Balsa<\/p>\n<p>9789895262182<\/p>\n","protected":false},"excerpt":{"rendered":"<div id=\"productPageSectionAboutBook-sinopseTitle\" class=\"right-title\"><strong>SINOPSE<\/strong><\/div>\n<div id=\"productPageSectionAboutBook-sinopse\" class=\"right-text\">\n<p>Este livro pretende questionar a vis\u00e3o que temos sobre as mulheres no s\u00e9culo XXI, de uma forma divertida, com intuito de colocar a leitora e o leitor a reflectir sobre os pormenores das nossas viv\u00eancias com as mulheres.<\/p>\n<p>Um livro de meia-hora para quem n\u00e3o tem tempo para ler livros e que pode dar em muitos div\u00f3rcios (mas tamb\u00e9m ajudar em relacionamentos). Leva-o contigo.<\/p>\n<p>Uma oferta para mulheres incr\u00edveis ou homens curiosos. Espreita o interior e l\u00ea sem compromisso<\/p>\n<\/div>\n","protected":false},"featured_media":4168,"template":"","meta":{"_monsterinsights_skip_tracking":false,"_monsterinsights_sitenote_active":false,"_monsterinsights_sitenote_note":"","_monsterinsights_sitenote_category":0},"product_cat":[103],"product_tag":[],"class_list":{"0":"post-4167","1":"product","2":"type-product","3":"status-publish","4":"has-post-thumbnail","6":"product_cat-literatura","7":"pa_book-author-emanuel-correia-balsa","9":"first","10":"outofstock","11":"shipping-taxable","12":"purchasable","13":"product-type-simple"},"_links":{"self":[{"href":"https:\/\/mabuko.co.mz\/site\/index.php?rest_route=\/wp\/v2\/product\/4167","targetHints":{"allow":["GET"]}}],"collection":[{"href":"https:\/\/mabuko.co.mz\/site\/index.php?rest_route=\/wp\/v2\/product"}],"about":[{"href":"https:\/\/mabuko.co.mz\/site\/index.php?rest_route=\/wp\/v2\/types\/product"}],"wp:featuredmedia":[{"embeddable":true,"href":"https:\/\/mabuko.co.mz\/site\/index.php?rest_route=\/wp\/v2\/media\/4168"}],"wp:attachment":[{"href":"https:\/\/mabuko.co.mz\/site\/index.php?rest_route=%2Fwp%2Fv2%2Fmedia&parent=4167"}],"wp:term":[{"taxonomy":"product_cat","embeddable":true,"href":"https:\/\/mabuko.co.mz\/site\/index.php?rest_route=%2Fwp%2Fv2%2Fproduct_cat&post=4167"},{"taxonomy":"product_tag","embeddable":true,"href":"https:\/\/mabuko.co.mz\/site\/index.php?rest_route=%2Fwp%2Fv2%2Fproduct_tag&post=4167"}],"curies":[{"name":"wp","href":"https:\/\/api.w.org\/{rel}","templated":true}]}}