{"id":4161,"date":"2022-06-21T12:15:32","date_gmt":"2022-06-21T12:15:32","guid":{"rendered":"https:\/\/mabuko.co.mz\/?post_type=product&#038;p=4161"},"modified":"2023-08-04T08:44:36","modified_gmt":"2023-08-04T08:44:36","slug":"caderno-caligrafico-zero","status":"publish","type":"product","link":"https:\/\/mabuko.co.mz\/site\/?product=caderno-caligrafico-zero","title":{"rendered":"CADERNO CALIGR\u00c1FICO ZERO"},"content":{"rendered":"<p>Caderno caligrafico<\/p>\n","protected":false},"excerpt":{"rendered":"<p style=\"text-align: left;\">Colec\u00e7\u00e3o Cadernos Caligr\u00e1ficos representa uma excelente ferramenta de ensino para as crian\u00e7as, de forma a controlarem melhor os desenhos e escrita que fazem com l\u00e1pis ou caneta. Com m\u00faltiplos exerc\u00edcios, estes cadernos v\u00e3o desde o n\u00edvel zero, at\u00e9 ao n\u00edvel 3, de forma a melhorar gradualmente a caligrafia dos mais novos.<\/p>\n","protected":false},"featured_media":4162,"template":"","meta":{"_monsterinsights_skip_tracking":false,"_monsterinsights_sitenote_active":false,"_monsterinsights_sitenote_note":"","_monsterinsights_sitenote_category":0},"product_cat":[109],"product_tag":[],"class_list":{"0":"post-4161","1":"product","2":"type-product","3":"status-publish","4":"has-post-thumbnail","6":"product_cat-apoio-escolar","7":"pa_book-author-plural-editores","9":"first","10":"outofstock","11":"shipping-taxable","12":"purchasable","13":"product-type-simple"},"_links":{"self":[{"href":"https:\/\/mabuko.co.mz\/site\/index.php?rest_route=\/wp\/v2\/product\/4161","targetHints":{"allow":["GET"]}}],"collection":[{"href":"https:\/\/mabuko.co.mz\/site\/index.php?rest_route=\/wp\/v2\/product"}],"about":[{"href":"https:\/\/mabuko.co.mz\/site\/index.php?rest_route=\/wp\/v2\/types\/product"}],"wp:featuredmedia":[{"embeddable":true,"href":"https:\/\/mabuko.co.mz\/site\/index.php?rest_route=\/wp\/v2\/media\/4162"}],"wp:attachment":[{"href":"https:\/\/mabuko.co.mz\/site\/index.php?rest_route=%2Fwp%2Fv2%2Fmedia&parent=4161"}],"wp:term":[{"taxonomy":"product_cat","embeddable":true,"href":"https:\/\/mabuko.co.mz\/site\/index.php?rest_route=%2Fwp%2Fv2%2Fproduct_cat&post=4161"},{"taxonomy":"product_tag","embeddable":true,"href":"https:\/\/mabuko.co.mz\/site\/index.php?rest_route=%2Fwp%2Fv2%2Fproduct_tag&post=4161"}],"curies":[{"name":"wp","href":"https:\/\/api.w.org\/{rel}","templated":true}]}}