{"id":4154,"date":"2022-06-21T11:29:13","date_gmt":"2022-06-21T11:29:13","guid":{"rendered":"https:\/\/mabuko.co.mz\/?post_type=product&#038;p=4154"},"modified":"2023-01-13T13:15:43","modified_gmt":"2023-01-13T13:15:43","slug":"o-buda-e-o-audaz","status":"publish","type":"product","link":"https:\/\/mabuko.co.mz\/site\/?product=o-buda-e-o-audaz","title":{"rendered":"O BUDA E O AUDAZ"},"content":{"rendered":"<p>Vishen Lakhiani<\/p>\n<p>9789897391354<\/p>\n","protected":false},"excerpt":{"rendered":"<p><strong>SINOPSE<\/strong><\/p>\n<p>Sente que no mundo do trabalho algumas pessoas parecem ter uma luz que atrai o sucesso, algo que, por muito que se esforce, n\u00e3o consegue alcan\u00e7ar?<br \/>\nIndependentemente da fun\u00e7\u00e3o que exerce, o poder para ser bem-sucedido e ver o seu empenho reconhecido est\u00e1 dentro de si. Esque\u00e7a a ideia de que o trabalho duro conduz ao sucesso \u2013 \u00e9 um mito. O segredo reside num poder interior extraordin\u00e1rio, na sua alma.<br \/>\nDesperte o Buda e o Audaz que h\u00e1 em si \u2013 o mestre espiritual e o empreendedor \u2013 e desenvolva as compet\u00eancias para transformar a forma como trabalha, viver mais realizado e ser uma fonte de inspira\u00e7\u00e3o para todos \u00e0 sua volta.<br \/>\nConstrua o seu sucesso. Crie uma vers\u00e3o melhorada e mais poderosa de si pr\u00f3prio.<\/p>\n","protected":false},"featured_media":4155,"template":"","meta":{"_monsterinsights_skip_tracking":false,"_monsterinsights_sitenote_active":false,"_monsterinsights_sitenote_note":"","_monsterinsights_sitenote_category":0},"product_cat":[108],"product_tag":[],"class_list":{"0":"post-4154","1":"product","2":"type-product","3":"status-publish","4":"has-post-thumbnail","6":"product_cat-auto-ajuda","7":"pa_book-author-vishen-lakhiani","9":"first","10":"outofstock","11":"shipping-taxable","12":"purchasable","13":"product-type-simple"},"_links":{"self":[{"href":"https:\/\/mabuko.co.mz\/site\/index.php?rest_route=\/wp\/v2\/product\/4154","targetHints":{"allow":["GET"]}}],"collection":[{"href":"https:\/\/mabuko.co.mz\/site\/index.php?rest_route=\/wp\/v2\/product"}],"about":[{"href":"https:\/\/mabuko.co.mz\/site\/index.php?rest_route=\/wp\/v2\/types\/product"}],"wp:featuredmedia":[{"embeddable":true,"href":"https:\/\/mabuko.co.mz\/site\/index.php?rest_route=\/wp\/v2\/media\/4155"}],"wp:attachment":[{"href":"https:\/\/mabuko.co.mz\/site\/index.php?rest_route=%2Fwp%2Fv2%2Fmedia&parent=4154"}],"wp:term":[{"taxonomy":"product_cat","embeddable":true,"href":"https:\/\/mabuko.co.mz\/site\/index.php?rest_route=%2Fwp%2Fv2%2Fproduct_cat&post=4154"},{"taxonomy":"product_tag","embeddable":true,"href":"https:\/\/mabuko.co.mz\/site\/index.php?rest_route=%2Fwp%2Fv2%2Fproduct_tag&post=4154"}],"curies":[{"name":"wp","href":"https:\/\/api.w.org\/{rel}","templated":true}]}}