{"id":3874,"date":"2022-03-21T07:02:48","date_gmt":"2022-03-21T07:02:48","guid":{"rendered":"https:\/\/mabuko.co.mz\/?post_type=product&#038;p=3874"},"modified":"2022-12-20T09:32:36","modified_gmt":"2022-12-20T09:32:36","slug":"perigo-verdade","status":"publish","type":"product","link":"https:\/\/mabuko.co.mz\/site\/?product=perigo-verdade","title":{"rendered":"PERIGO: VERDADE"},"content":{"rendered":"","protected":false},"excerpt":{"rendered":"<p><strong>SINOPSE<\/strong><\/p>\n<p>\u00abA verdade sobre a raiz dos nossos problemas que Osho desvenda neste livro \u00e9 inc\u00f3moda pois coloca diante do nosso nariz algo que a maioria de n\u00f3s prefere n\u00e3o ver: o nosso condicionamento religioso! &#8220;Condicionado pela religi\u00e3o, eu? Nem pensar. isso n\u00e3o tem nada a ver comigo.&#8221; &#8220;Sou espiritual mas n\u00e3o religioso.&#8221; &#8220;Sou ateu e concordo que a religi\u00e3o est\u00e1 na origem de muitos problemas mas n\u00e3o dos meus&#8221;, poder\u00e1 pensar. (\u2026)<br \/>\nAgora, se for capaz de p\u00f4r de parte qualquer um dos protestos que lhe ter\u00e1 ocorrido como primeira rea\u00e7\u00e3o (\u2026) poder\u00e1 iniciar a viagem deste livro de cora\u00e7\u00e3o aberto. Cada cap\u00edtulo tem o potencial de o despertar para verdades que contrariam tudo o que lhe ensinaram. (\u2026) Dar\u00e1 por si a ver a realidade de uma perspetiva invulgar, a prestar aten\u00e7\u00e3o ao condicionamento que subjaz ao discurso de toda a gente, desde os gurus televisivos aos pol\u00edticos e aos profetas contempor\u00e2neos da Nova Era. (\u2026). E, com um pouco de sorte, come\u00e7ar\u00e1 a perceber quanto do seu modo de ver o mundo \u00e9 realmente seu e quanto dele \u00e9 determinado pela repeti\u00e7\u00e3o mec\u00e2nica e pelo papagueamento da &#8220;sabedoria herdada&#8221;.<br \/>\nEste livro n\u00e3o \u00e9 s\u00f3 para ler. \u00c9, por assim dizer, uma experi\u00eancia de descondicionamento. Osho chama-lhe &#8220;limpeza a seco mental&#8221;. Poder\u00e1 perguntar-se &#8220;Porque \u00e9 que preciso de me libertar dos meus condicionamentos?&#8221;, pois s\u00f3 depois de nos termos libertado das ideias e cren\u00e7as que nos incutiram &#8211; muitas das vezes com a melhor das inten\u00e7\u00f5es &#8211; seremos capazes de desfrutar verdadeiramente da vida tal como ela nos surge a cada momento e de lhe reagir com naturalidade e autenticidade. Ser aut\u00eantico \u00e9, por outras palavras, viver segundo a nossa pr\u00f3pria verdade, em vez de aceitar uma mentira em segunda m\u00e3o, acreditando em verdades que outros nos transmitiram.\u00bb<\/p>\n<p><span class=\"sku\">9789896870812<\/span><\/p>\n","protected":false},"featured_media":3875,"template":"","meta":{"_monsterinsights_skip_tracking":false,"_monsterinsights_sitenote_active":false,"_monsterinsights_sitenote_note":"","_monsterinsights_sitenote_category":0},"product_cat":[108],"product_tag":[],"class_list":{"0":"post-3874","1":"product","2":"type-product","3":"status-publish","4":"has-post-thumbnail","6":"product_cat-auto-ajuda","7":"pa_book-author-osho","9":"first","10":"outofstock","11":"shipping-taxable","12":"purchasable","13":"product-type-simple"},"_links":{"self":[{"href":"https:\/\/mabuko.co.mz\/site\/index.php?rest_route=\/wp\/v2\/product\/3874","targetHints":{"allow":["GET"]}}],"collection":[{"href":"https:\/\/mabuko.co.mz\/site\/index.php?rest_route=\/wp\/v2\/product"}],"about":[{"href":"https:\/\/mabuko.co.mz\/site\/index.php?rest_route=\/wp\/v2\/types\/product"}],"wp:featuredmedia":[{"embeddable":true,"href":"https:\/\/mabuko.co.mz\/site\/index.php?rest_route=\/wp\/v2\/media\/3875"}],"wp:attachment":[{"href":"https:\/\/mabuko.co.mz\/site\/index.php?rest_route=%2Fwp%2Fv2%2Fmedia&parent=3874"}],"wp:term":[{"taxonomy":"product_cat","embeddable":true,"href":"https:\/\/mabuko.co.mz\/site\/index.php?rest_route=%2Fwp%2Fv2%2Fproduct_cat&post=3874"},{"taxonomy":"product_tag","embeddable":true,"href":"https:\/\/mabuko.co.mz\/site\/index.php?rest_route=%2Fwp%2Fv2%2Fproduct_tag&post=3874"}],"curies":[{"name":"wp","href":"https:\/\/api.w.org\/{rel}","templated":true}]}}