{"id":3855,"date":"2022-03-20T08:34:38","date_gmt":"2022-03-20T08:34:38","guid":{"rendered":"https:\/\/mabuko.co.mz\/?post_type=product&#038;p=3855"},"modified":"2023-01-13T14:03:17","modified_gmt":"2023-01-13T14:03:17","slug":"terapia-psicologia-e-meditacao","status":"publish","type":"product","link":"https:\/\/mabuko.co.mz\/site\/?product=terapia-psicologia-e-meditacao","title":{"rendered":"TERAPIA PSICOLOGIA E MEDITA\u00c7\u00c3O"},"content":{"rendered":"","protected":false},"excerpt":{"rendered":"<p><strong>SINOPSE<\/strong><\/p>\n<p>Antes de Freud, havia Buda\u2026<br \/>\nA Psicologia dedica-se incansavelmente a resolver os problemas da mente humana; mas antes do div\u00e3, da medica\u00e7\u00e3o e da autoajuda, havia a medita\u00e7\u00e3o para esse fim. E a efic\u00e1cia era de aproximadamente de 100%&#8230; A religi\u00e3o e condicionamento social criam limites artificiais \u00e0 mente humana, e n\u00f3s acreditamos e refor\u00e7amos esses limites. Mas mesmo uma experi\u00eancia superficial de medita\u00e7\u00e3o pode revelar como a consci\u00eancia \u00e9, na sua ess\u00eancia, infinita. E a experi\u00eancia dessa infinitude \u00e9 a solu\u00e7\u00e3o para a grande parte dos problemas mentais e emocionais de que sofremos hoje em dia.<\/p>\n<p>A ilumina\u00e7\u00e3o n\u00e3o \u00e9 uma experi\u00eancia \u00fanica que aconteceu a uma pessoa (o Buda) h\u00e1 mil\u00e9nios. \u00c9 algo que pode acontecer a cada um de n\u00f3s, a cada dia, se deixarmos.<\/p>\n<p>ISBN: 9789896874537<br \/>\n<span id=\"author-name-hide\">Autor: Osho<\/span><\/p>\n","protected":false},"featured_media":3856,"template":"","meta":{"_monsterinsights_skip_tracking":false,"_monsterinsights_sitenote_active":false,"_monsterinsights_sitenote_note":"","_monsterinsights_sitenote_category":0},"product_cat":[108],"product_tag":[],"class_list":{"0":"post-3855","1":"product","2":"type-product","3":"status-publish","4":"has-post-thumbnail","6":"product_cat-auto-ajuda","7":"pa_book-author-osho","9":"first","10":"outofstock","11":"shipping-taxable","12":"purchasable","13":"product-type-simple"},"_links":{"self":[{"href":"https:\/\/mabuko.co.mz\/site\/index.php?rest_route=\/wp\/v2\/product\/3855","targetHints":{"allow":["GET"]}}],"collection":[{"href":"https:\/\/mabuko.co.mz\/site\/index.php?rest_route=\/wp\/v2\/product"}],"about":[{"href":"https:\/\/mabuko.co.mz\/site\/index.php?rest_route=\/wp\/v2\/types\/product"}],"wp:featuredmedia":[{"embeddable":true,"href":"https:\/\/mabuko.co.mz\/site\/index.php?rest_route=\/wp\/v2\/media\/3856"}],"wp:attachment":[{"href":"https:\/\/mabuko.co.mz\/site\/index.php?rest_route=%2Fwp%2Fv2%2Fmedia&parent=3855"}],"wp:term":[{"taxonomy":"product_cat","embeddable":true,"href":"https:\/\/mabuko.co.mz\/site\/index.php?rest_route=%2Fwp%2Fv2%2Fproduct_cat&post=3855"},{"taxonomy":"product_tag","embeddable":true,"href":"https:\/\/mabuko.co.mz\/site\/index.php?rest_route=%2Fwp%2Fv2%2Fproduct_tag&post=3855"}],"curies":[{"name":"wp","href":"https:\/\/api.w.org\/{rel}","templated":true}]}}