{"id":3850,"date":"2022-03-20T08:16:14","date_gmt":"2022-03-20T08:16:14","guid":{"rendered":"https:\/\/mabuko.co.mz\/?post_type=product&#038;p=3850"},"modified":"2023-01-13T14:03:49","modified_gmt":"2023-01-13T14:03:49","slug":"o-monge-que-vendeu-o-seu-ferrari","status":"publish","type":"product","link":"https:\/\/mabuko.co.mz\/site\/?product=o-monge-que-vendeu-o-seu-ferrari","title":{"rendered":"O MONGE QUE VENDEU O SEU FERRARI"},"content":{"rendered":"","protected":false},"excerpt":{"rendered":"<p><strong>SINOPSE<\/strong><\/p>\n<p>O Monge que Vendeu o Seu Ferrari \u00e9 um best-seller inquestion\u00e1vel que oferece aos leitores uma s\u00e9rie de li\u00e7\u00f5es simples e eficazes sobre como viver melhor. Combinando de uma forma inovadora a sabedoria espiritual do Oriente com os princ\u00edpios ocidentais de sucesso e trabalho, mostra, passo a passo, como viver uma vida de coragem, equil\u00edbrio, alegria<\/p>\n<p>ISBN: 9789727119486<br \/>\n<span id=\"author-name-hide\">Autor: Robin Sharma<\/span><\/p>\n","protected":false},"featured_media":3851,"template":"","meta":{"_monsterinsights_skip_tracking":false,"_monsterinsights_sitenote_active":false,"_monsterinsights_sitenote_note":"","_monsterinsights_sitenote_category":0},"product_cat":[108],"product_tag":[],"class_list":{"0":"post-3850","1":"product","2":"type-product","3":"status-publish","4":"has-post-thumbnail","6":"product_cat-auto-ajuda","7":"pa_book-author-robin-sharma","9":"first","10":"outofstock","11":"shipping-taxable","12":"purchasable","13":"product-type-simple"},"_links":{"self":[{"href":"https:\/\/mabuko.co.mz\/site\/index.php?rest_route=\/wp\/v2\/product\/3850","targetHints":{"allow":["GET"]}}],"collection":[{"href":"https:\/\/mabuko.co.mz\/site\/index.php?rest_route=\/wp\/v2\/product"}],"about":[{"href":"https:\/\/mabuko.co.mz\/site\/index.php?rest_route=\/wp\/v2\/types\/product"}],"wp:featuredmedia":[{"embeddable":true,"href":"https:\/\/mabuko.co.mz\/site\/index.php?rest_route=\/wp\/v2\/media\/3851"}],"wp:attachment":[{"href":"https:\/\/mabuko.co.mz\/site\/index.php?rest_route=%2Fwp%2Fv2%2Fmedia&parent=3850"}],"wp:term":[{"taxonomy":"product_cat","embeddable":true,"href":"https:\/\/mabuko.co.mz\/site\/index.php?rest_route=%2Fwp%2Fv2%2Fproduct_cat&post=3850"},{"taxonomy":"product_tag","embeddable":true,"href":"https:\/\/mabuko.co.mz\/site\/index.php?rest_route=%2Fwp%2Fv2%2Fproduct_tag&post=3850"}],"curies":[{"name":"wp","href":"https:\/\/api.w.org\/{rel}","templated":true}]}}