{"id":3848,"date":"2022-03-20T08:13:11","date_gmt":"2022-03-20T08:13:11","guid":{"rendered":"https:\/\/mabuko.co.mz\/?post_type=product&#038;p=3848"},"modified":"2022-12-20T09:39:57","modified_gmt":"2022-12-20T09:39:57","slug":"descubra-o-seu-destino","status":"publish","type":"product","link":"https:\/\/mabuko.co.mz\/site\/?product=descubra-o-seu-destino","title":{"rendered":"DESCUBRA O SEU DESTINO"},"content":{"rendered":"","protected":false},"excerpt":{"rendered":"<p><strong>SINOPSE<\/strong><\/p>\n<p>Julian Mantle, o monge que vendeu o seu Ferrari, est\u00e1 de volta, com li\u00e7\u00f5es novas e reveladoras para descobrir e estimular a sua verdadeira grandeza. Descubra o Seu Destino conta a hist\u00f3ria de Dar Sandersen, um gestor de recursos humanos de meia-idade que tem um bom emprego, uma casa agrad\u00e1vel e um rendimento est\u00e1vel. Apesar do seu aparente sucesso, Dar sente-se profundamente infeliz: sabe que esta \u00abboa vida\u00bb o est\u00e1 a impedir de conquistar uma vida ainda melhor. Depois de um inesquec\u00edvel encontro com Julian Mantle, parte numa odisseia, ao encontro de uma exist\u00eancia mais aut\u00eantica e \u00e0 conquista do seu destino. Na sua jornada, descobre os sete passos que o conduzir\u00e3o \u00e0 felicidade duradoura e \u00e0 liberdade pessoal.<\/p>\n<p>Combinando a antiga sabedoria oriental com princ\u00edpios de sucesso modernos, Descubra o Seu Destino \u00e9 uma narrativa cativante que o ajudar\u00e1 a viver a vida em pleno, conquistando a felicidade, a prosperidade e a harmonia que merece.<\/p>\n<p>ISBN: 9789896876050<br \/>\n<span id=\"author-name-hide\">Autor: Robin Sharma<\/span><\/p>\n","protected":false},"featured_media":3849,"template":"","meta":{"_monsterinsights_skip_tracking":false,"_monsterinsights_sitenote_active":false,"_monsterinsights_sitenote_note":"","_monsterinsights_sitenote_category":0},"product_cat":[108],"product_tag":[89],"class_list":{"0":"post-3848","1":"product","2":"type-product","3":"status-publish","4":"has-post-thumbnail","6":"product_cat-auto-ajuda","7":"product_tag-autores","8":"pa_book-author-robin-sharma","10":"first","11":"outofstock","12":"shipping-taxable","13":"purchasable","14":"product-type-simple"},"_links":{"self":[{"href":"https:\/\/mabuko.co.mz\/site\/index.php?rest_route=\/wp\/v2\/product\/3848","targetHints":{"allow":["GET"]}}],"collection":[{"href":"https:\/\/mabuko.co.mz\/site\/index.php?rest_route=\/wp\/v2\/product"}],"about":[{"href":"https:\/\/mabuko.co.mz\/site\/index.php?rest_route=\/wp\/v2\/types\/product"}],"wp:featuredmedia":[{"embeddable":true,"href":"https:\/\/mabuko.co.mz\/site\/index.php?rest_route=\/wp\/v2\/media\/3849"}],"wp:attachment":[{"href":"https:\/\/mabuko.co.mz\/site\/index.php?rest_route=%2Fwp%2Fv2%2Fmedia&parent=3848"}],"wp:term":[{"taxonomy":"product_cat","embeddable":true,"href":"https:\/\/mabuko.co.mz\/site\/index.php?rest_route=%2Fwp%2Fv2%2Fproduct_cat&post=3848"},{"taxonomy":"product_tag","embeddable":true,"href":"https:\/\/mabuko.co.mz\/site\/index.php?rest_route=%2Fwp%2Fv2%2Fproduct_tag&post=3848"}],"curies":[{"name":"wp","href":"https:\/\/api.w.org\/{rel}","templated":true}]}}