{"id":3352,"date":"2021-11-29T09:12:12","date_gmt":"2021-11-29T09:12:12","guid":{"rendered":"https:\/\/mabuko.co.mz\/?post_type=product&#038;p=3352"},"modified":"2024-12-12T21:14:14","modified_gmt":"2024-12-12T21:14:14","slug":"a-voz-do-carcer","status":"publish","type":"product","link":"https:\/\/mabuko.co.mz\/site\/?product=a-voz-do-carcer","title":{"rendered":"A VOZ DO C\u00c1RCERE"},"content":{"rendered":"<p><span id=\"author-name-hide\">Paulina Chiziane<\/span><\/p>\n<p><span id=\"author-name-hide\">Dion\u00edsio Bahule<\/span><\/p>\n","protected":false},"excerpt":{"rendered":"<p><strong>SINOPSE<\/strong><\/p>\n<p>&#8220;H\u00e1 muita gente que diz: vamos investir na cadeia porqu\u00ea? Eles s\u00e3o Presos; cometeram crime; ent\u00e3o que paguem! Olhar para estabelecimento prisional como estando distante de n\u00f3s, \u00e9 um grande erro de percep\u00e7\u00e3o. A pris\u00e3o \u00e9 uma institui\u00e7\u00e3o p\u00fablica, como um hospital ou uma escola, onde um cidad\u00e3o, seja qual for o seu estatuto, pode entrar a qualquer momento. n\u00e3o \u00e9 f\u00e1cil compreender esta verdade, quando n\u00e3o \u00e9s tu, nem o teu filho, ou teu pai. Mas no dia em que a sorte te faltar e caires dentro destas paredes &#8211; come\u00e7as a reconhecer a necessidade de investir na pris\u00e3o&#8221;.<br \/>\nBenvinda Lev\u00ed. Antiga Ministra da Justi\u00e7a.<\/p>\n<p>Ap\u00f3s a minha deten\u00e7\u00e3o aqui na cidade de Maputo, tive o primeiro abalo psicol\u00f3gico por causa das condi\u00e7\u00f5es da pr\u00f3pria esquadra. Um lugar sujo n\u00e3o adequado para algu\u00e9m poder habitar. Logo naquela semana surgiram muitas quest\u00f5es dentro de mim, afinal era a primeira vez que era detido na minha vida e n\u00e3o sabia o que se passava no interior de uma esquadra. tirei as minha conclus\u00f5es e acabei generalizando que uma esquadra \u00e9 um lugar n\u00e3o adequada para algu\u00e9m estar.<\/p>\n<p>A voz do recluso 31 anos de idade.<\/p>\n<p>&nbsp;<\/p>\n","protected":false},"featured_media":3353,"template":"","meta":{"_monsterinsights_skip_tracking":false,"_monsterinsights_sitenote_active":false,"_monsterinsights_sitenote_note":"","_monsterinsights_sitenote_category":0},"product_cat":[105],"product_tag":[],"class_list":{"0":"post-3352","1":"product","2":"type-product","3":"status-publish","4":"has-post-thumbnail","6":"product_cat-romance","7":"pa_book-author-dionisio-bahule","8":"pa_book-author-paulina-chiziane","10":"first","11":"outofstock","12":"shipping-taxable","13":"purchasable","14":"product-type-simple"},"_links":{"self":[{"href":"https:\/\/mabuko.co.mz\/site\/index.php?rest_route=\/wp\/v2\/product\/3352","targetHints":{"allow":["GET"]}}],"collection":[{"href":"https:\/\/mabuko.co.mz\/site\/index.php?rest_route=\/wp\/v2\/product"}],"about":[{"href":"https:\/\/mabuko.co.mz\/site\/index.php?rest_route=\/wp\/v2\/types\/product"}],"wp:featuredmedia":[{"embeddable":true,"href":"https:\/\/mabuko.co.mz\/site\/index.php?rest_route=\/wp\/v2\/media\/3353"}],"wp:attachment":[{"href":"https:\/\/mabuko.co.mz\/site\/index.php?rest_route=%2Fwp%2Fv2%2Fmedia&parent=3352"}],"wp:term":[{"taxonomy":"product_cat","embeddable":true,"href":"https:\/\/mabuko.co.mz\/site\/index.php?rest_route=%2Fwp%2Fv2%2Fproduct_cat&post=3352"},{"taxonomy":"product_tag","embeddable":true,"href":"https:\/\/mabuko.co.mz\/site\/index.php?rest_route=%2Fwp%2Fv2%2Fproduct_tag&post=3352"}],"curies":[{"name":"wp","href":"https:\/\/api.w.org\/{rel}","templated":true}]}}